{"id":44066,"date":"2025-02-07T08:20:08","date_gmt":"2025-02-07T07:20:08","guid":{"rendered":"https:\/\/prim.cz\/aktualita\/olympiada-deti-a-mladeze-2025-sk\/"},"modified":"2026-03-16T11:52:43","modified_gmt":"2026-03-16T10:52:43","slug":"olympiada-deti-a-mladeze-2025-sk","status":"publish","type":"aktualita","link":"https:\/\/prim.cz\/sk\/aktualita\/olympiada-deti-a-mladeze-2025-sk\/","title":{"rendered":"Olympi\u00e1da det\u00ed a ml\u00e1de\u017ee 2025"},"content":{"rendered":"\n<p>Tohtoro\u010dn\u00e1 olympi\u00e1da det\u00ed a ml\u00e1de\u017ee sa kon\u00e1 v na\u0161om rodnom meste, vo Fr\u00fddku-M\u00edstku. O to viac sme pocten\u00ed dlhoro\u010dnou spolupr\u00e1cou s \u010cesk\u00fdm olympijsk\u00fdm v\u00fdborom, v\u010faka ktorej sme mohli aj t\u00fato olympi\u00e1du podpori\u0165 hodinkami z na\u0161ich radov. Hodinky sme odovzdali zlat\u00e9mu olympionikovi Mach\u00e1\u010dovi, pri\u010dom pri samotnom odovzd\u00e1van\u00ed bol aj n\u00e1\u0161 prezident Petr Pavel, ako aj juho\u010desk\u00e9mu hokejistovi Hru\u0161kovi za gesto fair-play!<\/p>\n\n\n\n<p>Viac inform\u00e1ci\u00ed: <a href=\"https:\/\/www.instagram.com\/p\/DFlJQvbNhal\/?img_index=1\" target=\"_blank\" rel=\"noreferrer noopener\">https:\/\/www.instagram.com\/p\/DFlJQvbNhal\/?img_index=1<\/a><\/p>\n\n\n\n<p>Sme radi, \u017ee aj my m\u00f4\u017eeme by\u0165 pri zrode mlad\u00fdch n\u00e1dejn\u00fdch \u010desk\u00fdch olympionikov!<\/p>\n\n\n\n<p><\/p>\n","protected":false},"featured_media":0,"template":"","meta":{"_acf_changed":false,"_link_to_original":""},"class_list":["post-44066","aktualita","type-aktualita","status-publish","hentry"],"acf":[],"yoast_head":"<!-- This site is optimized with the Yoast SEO plugin v26.9 - https:\/\/yoast.com\/product\/yoast-seo-wordpress\/ -->\n<title>Olympi\u00e1da det\u00ed a ml\u00e1de\u017ee 2025 - PRIM - origin\u00e1ln\u00ed \u010desk\u00e9 p\u00e1nsk\u00e9, d\u00e1msk\u00e9, d\u011btsk\u00e9 hodinky a hodiny<\/title>\n<meta name=\"robots\" content=\"index, follow, max-snippet:-1, max-image-preview:large, max-video-preview:-1\" \/>\n<link rel=\"canonical\" href=\"https:\/\/prim.cz\/sk\/aktualita\/olympiada-deti-a-mladeze-2025-sk\/\" \/>\n<meta property=\"og:locale\" content=\"sk_SK\" \/>\n<meta property=\"og:type\" content=\"article\" \/>\n<meta property=\"og:title\" content=\"Olympi\u00e1da det\u00ed a ml\u00e1de\u017ee 2025 - PRIM - origin\u00e1ln\u00ed \u010desk\u00e9 p\u00e1nsk\u00e9, d\u00e1msk\u00e9, d\u011btsk\u00e9 hodinky a hodiny\" \/>\n<meta property=\"og:description\" content=\"Tohtoro\u010dn\u00e1 olympi\u00e1da det\u00ed a ml\u00e1de\u017ee sa kon\u00e1 v na\u0161om rodnom meste, vo Fr\u00fddku-M\u00edstku. O to viac sme pocten\u00ed dlhoro\u010dnou spolupr\u00e1cou s \u010cesk\u00fdm olympijsk\u00fdm v\u00fdborom, v\u010faka ktorej sme mohli aj t\u00fato olympi\u00e1du podpori\u0165 hodinkami z na\u0161ich radov. Hodinky sme odovzdali zlat\u00e9mu olympionikovi Mach\u00e1\u010dovi, pri\u010dom pri samotnom odovzd\u00e1van\u00ed bol aj n\u00e1\u0161 prezident Petr Pavel, ako aj juho\u010desk\u00e9mu [&hellip;]\" \/>\n<meta property=\"og:url\" content=\"https:\/\/prim.cz\/sk\/aktualita\/olympiada-deti-a-mladeze-2025-sk\/\" \/>\n<meta property=\"og:site_name\" content=\"PRIM - origin\u00e1ln\u00ed \u010desk\u00e9 p\u00e1nsk\u00e9, d\u00e1msk\u00e9, d\u011btsk\u00e9 hodinky a hodiny\" \/>\n<meta property=\"article:modified_time\" content=\"2026-03-16T10:52:43+00:00\" \/>\n<meta name=\"twitter:card\" content=\"summary_large_image\" \/>\n<meta name=\"twitter:label1\" content=\"Predpokladan\u00fd \u010das \u010d\u00edtania\" \/>\n\t<meta name=\"twitter:data1\" content=\"1 min\u00fata\" \/>\n<script type=\"application\/ld+json\" class=\"yoast-schema-graph\">{\"@context\":\"https:\/\/schema.org\",\"@graph\":[{\"@type\":\"WebPage\",\"@id\":\"https:\/\/prim.cz\/sk\/aktualita\/olympiada-deti-a-mladeze-2025-sk\/\",\"url\":\"https:\/\/prim.cz\/sk\/aktualita\/olympiada-deti-a-mladeze-2025-sk\/\",\"name\":\"Olympi\u00e1da det\u00ed a ml\u00e1de\u017ee 2025 - PRIM - origin\u00e1ln\u00ed \u010desk\u00e9 p\u00e1nsk\u00e9, d\u00e1msk\u00e9, d\u011btsk\u00e9 hodinky a hodiny\",\"isPartOf\":{\"@id\":\"https:\/\/prim.cz\/en\/#website\"},\"datePublished\":\"2025-02-07T07:20:08+00:00\",\"dateModified\":\"2026-03-16T10:52:43+00:00\",\"breadcrumb\":{\"@id\":\"https:\/\/prim.cz\/sk\/aktualita\/olympiada-deti-a-mladeze-2025-sk\/#breadcrumb\"},\"inLanguage\":\"sk-SK\",\"potentialAction\":[{\"@type\":\"ReadAction\",\"target\":[\"https:\/\/prim.cz\/sk\/aktualita\/olympiada-deti-a-mladeze-2025-sk\/\"]}]},{\"@type\":\"BreadcrumbList\",\"@id\":\"https:\/\/prim.cz\/sk\/aktualita\/olympiada-deti-a-mladeze-2025-sk\/#breadcrumb\",\"itemListElement\":[{\"@type\":\"ListItem\",\"position\":1,\"name\":\"Dom\u016f\",\"item\":\"https:\/\/prim.cz\/sk\/\"},{\"@type\":\"ListItem\",\"position\":2,\"name\":\"Olympi\u00e1da det\u00ed a ml\u00e1de\u017ee 2025\"}]},{\"@type\":\"WebSite\",\"@id\":\"https:\/\/prim.cz\/en\/#website\",\"url\":\"https:\/\/prim.cz\/en\/\",\"name\":\"PRIM - origin\u00e1ln\u00ed \u010desk\u00e9 p\u00e1nsk\u00e9, d\u00e1msk\u00e9, d\u011btsk\u00e9 hodinky a hodiny\",\"description\":\"Nakupujte p\u0159\u00edmo u v\u00fdrobce! Origin\u00e1ln\u00ed eshop s kompletn\u00edm sortimentem \u010desk\u00fdch hodinek PRIM.\",\"alternateName\":\"prim.cz\",\"potentialAction\":[{\"@type\":\"SearchAction\",\"target\":{\"@type\":\"EntryPoint\",\"urlTemplate\":\"https:\/\/prim.cz\/en\/?s={search_term_string}\"},\"query-input\":{\"@type\":\"PropertyValueSpecification\",\"valueRequired\":true,\"valueName\":\"search_term_string\"}}],\"inLanguage\":\"sk-SK\"}]}<\/script>\n<!-- \/ Yoast SEO plugin. -->","yoast_head_json":{"title":"Olympi\u00e1da det\u00ed a ml\u00e1de\u017ee 2025 - PRIM - origin\u00e1ln\u00ed \u010desk\u00e9 p\u00e1nsk\u00e9, d\u00e1msk\u00e9, d\u011btsk\u00e9 hodinky a hodiny","robots":{"index":"index","follow":"follow","max-snippet":"max-snippet:-1","max-image-preview":"max-image-preview:large","max-video-preview":"max-video-preview:-1"},"canonical":"https:\/\/prim.cz\/sk\/aktualita\/olympiada-deti-a-mladeze-2025-sk\/","og_locale":"sk_SK","og_type":"article","og_title":"Olympi\u00e1da det\u00ed a ml\u00e1de\u017ee 2025 - PRIM - origin\u00e1ln\u00ed \u010desk\u00e9 p\u00e1nsk\u00e9, d\u00e1msk\u00e9, d\u011btsk\u00e9 hodinky a hodiny","og_description":"Tohtoro\u010dn\u00e1 olympi\u00e1da det\u00ed a ml\u00e1de\u017ee sa kon\u00e1 v na\u0161om rodnom meste, vo Fr\u00fddku-M\u00edstku. O to viac sme pocten\u00ed dlhoro\u010dnou spolupr\u00e1cou s \u010cesk\u00fdm olympijsk\u00fdm v\u00fdborom, v\u010faka ktorej sme mohli aj t\u00fato olympi\u00e1du podpori\u0165 hodinkami z na\u0161ich radov. Hodinky sme odovzdali zlat\u00e9mu olympionikovi Mach\u00e1\u010dovi, pri\u010dom pri samotnom odovzd\u00e1van\u00ed bol aj n\u00e1\u0161 prezident Petr Pavel, ako aj juho\u010desk\u00e9mu [&hellip;]","og_url":"https:\/\/prim.cz\/sk\/aktualita\/olympiada-deti-a-mladeze-2025-sk\/","og_site_name":"PRIM - origin\u00e1ln\u00ed \u010desk\u00e9 p\u00e1nsk\u00e9, d\u00e1msk\u00e9, d\u011btsk\u00e9 hodinky a hodiny","article_modified_time":"2026-03-16T10:52:43+00:00","twitter_card":"summary_large_image","twitter_misc":{"Predpokladan\u00fd \u010das \u010d\u00edtania":"1 min\u00fata"},"schema":{"@context":"https:\/\/schema.org","@graph":[{"@type":"WebPage","@id":"https:\/\/prim.cz\/sk\/aktualita\/olympiada-deti-a-mladeze-2025-sk\/","url":"https:\/\/prim.cz\/sk\/aktualita\/olympiada-deti-a-mladeze-2025-sk\/","name":"Olympi\u00e1da det\u00ed a ml\u00e1de\u017ee 2025 - PRIM - origin\u00e1ln\u00ed \u010desk\u00e9 p\u00e1nsk\u00e9, d\u00e1msk\u00e9, d\u011btsk\u00e9 hodinky a hodiny","isPartOf":{"@id":"https:\/\/prim.cz\/en\/#website"},"datePublished":"2025-02-07T07:20:08+00:00","dateModified":"2026-03-16T10:52:43+00:00","breadcrumb":{"@id":"https:\/\/prim.cz\/sk\/aktualita\/olympiada-deti-a-mladeze-2025-sk\/#breadcrumb"},"inLanguage":"sk-SK","potentialAction":[{"@type":"ReadAction","target":["https:\/\/prim.cz\/sk\/aktualita\/olympiada-deti-a-mladeze-2025-sk\/"]}]},{"@type":"BreadcrumbList","@id":"https:\/\/prim.cz\/sk\/aktualita\/olympiada-deti-a-mladeze-2025-sk\/#breadcrumb","itemListElement":[{"@type":"ListItem","position":1,"name":"Dom\u016f","item":"https:\/\/prim.cz\/sk\/"},{"@type":"ListItem","position":2,"name":"Olympi\u00e1da det\u00ed a ml\u00e1de\u017ee 2025"}]},{"@type":"WebSite","@id":"https:\/\/prim.cz\/en\/#website","url":"https:\/\/prim.cz\/en\/","name":"PRIM - origin\u00e1ln\u00ed \u010desk\u00e9 p\u00e1nsk\u00e9, d\u00e1msk\u00e9, d\u011btsk\u00e9 hodinky a hodiny","description":"Nakupujte p\u0159\u00edmo u v\u00fdrobce! Origin\u00e1ln\u00ed eshop s kompletn\u00edm sortimentem \u010desk\u00fdch hodinek PRIM.","alternateName":"prim.cz","potentialAction":[{"@type":"SearchAction","target":{"@type":"EntryPoint","urlTemplate":"https:\/\/prim.cz\/en\/?s={search_term_string}"},"query-input":{"@type":"PropertyValueSpecification","valueRequired":true,"valueName":"search_term_string"}}],"inLanguage":"sk-SK"}]}},"wpml_current_locale":"sk_SK","wpml_translations":{"cs_CZ":{"locale":"cs_CZ","id":26986,"slug":"trener-roku-2024","post_title":"Olympi\u00e1da d\u011bt\u00ed a ml\u00e1de\u017ee 2025","href":"https:\/\/prim.cz\/aktualita\/trener-roku-2024\/"},"sk_SK":{"locale":"sk_SK","translation":"current"},"pl_PL":{"locale":"pl_PL","id":44070,"slug":"olimpiada-dzieci-i-mlodziezy-2025","post_title":"Olimpiada Dzieci i M\u0142odzie\u017cy 2025","href":"https:\/\/prim.cz\/pl\/aktualita\/olimpiada-dzieci-i-mlodziezy-2025\/"},"en_US":{"locale":"en_US","id":44062,"slug":"childrens-and-youth-olympics-2025","post_title":"Children's and Youth Olympics 2025","href":"https:\/\/prim.cz\/en\/aktualita\/childrens-and-youth-olympics-2025\/"}},"_links":{"self":[{"href":"https:\/\/prim.cz\/sk\/wp-json\/wp\/v2\/aktualita\/44066","targetHints":{"allow":["GET"]}}],"collection":[{"href":"https:\/\/prim.cz\/sk\/wp-json\/wp\/v2\/aktualita"}],"about":[{"href":"https:\/\/prim.cz\/sk\/wp-json\/wp\/v2\/types\/aktualita"}],"wp:attachment":[{"href":"https:\/\/prim.cz\/sk\/wp-json\/wp\/v2\/media?parent=44066"}],"curies":[{"name":"wp","href":"https:\/\/api.w.org\/{rel}","templated":true}]}}

Olympiáda detí a mládeže 2025

<p>Tohtoročná olympiáda detí a mládeže sa koná v našom rodnom meste, vo Frýdku-Místku. O to viac sme poctení dlhoročnou spoluprácou s Českým olympijským výborom, vďaka ktorej sme mohli aj túto olympiádu podporiť hodinkami z našich radov. Hodinky sme odovzdali zlatému olympionikovi Macháčovi, pričom pri samotnom odovzdávaní bol aj náš prezident Petr Pavel, ako aj juhočeskému hokejistovi Hruškovi za gesto fair-play!</p>



<p>Viac informácií: <a href="https://www.instagram.com/p/DFlJQvbNhal/?img_index=1" target="_blank" rel="noreferrer noopener">https://www.instagram.com/p/DFlJQvbNhal/?img_index=1</a></p>



<p>Sme radi, že aj my môžeme byť pri zrode mladých nádejných českých olympionikov!</p>



<p></p>

<!-- This site is optimized with the Yoast SEO plugin v26.9 - https://yoast.com/product/yoast-seo-wordpress/ -->
<title>Olympiáda detí a mládeže 2025 - PRIM - originální české pánské, dámské, dětské hodinky a hodiny</title>
<meta name="robots" content="index, follow, max-snippet:-1, max-image-preview:large, max-video-preview:-1" />
<link rel="canonical" href="https://prim.cz/sk/aktualita/olympiada-deti-a-mladeze-2025-sk/" />
<meta property="og:locale" content="sk_SK" />
<meta property="og:type" content="article" />
<meta property="og:title" content="Olympiáda detí a mládeže 2025 - PRIM - originální české pánské, dámské, dětské hodinky a hodiny" />
<meta property="og:description" content="Tohtoročná olympiáda detí a mládeže sa koná v našom rodnom meste, vo Frýdku-Místku. O to viac sme poctení dlhoročnou spoluprácou s Českým olympijským výborom, vďaka ktorej sme mohli aj túto olympiádu podporiť hodinkami z našich radov. Hodinky sme odovzdali zlatému olympionikovi Macháčovi, pričom pri samotnom odovzdávaní bol aj náš prezident Petr Pavel, ako aj juhočeskému [&hellip;]" />
<meta property="og:url" content="https://prim.cz/sk/aktualita/olympiada-deti-a-mladeze-2025-sk/" />
<meta property="og:site_name" content="PRIM - originální české pánské, dámské, dětské hodinky a hodiny" />
<meta property="article:modified_time" content="2026-03-16T10:52:43+00:00" />
<meta name="twitter:card" content="summary_large_image" />
<meta name="twitter:label1" content="Predpokladaný čas čítania" />
	<meta name="twitter:data1" content="1 minúta" />
<script type="application/ld+json" class="yoast-schema-graph">{"@context":"https://schema.org","@graph":[{"@type":"WebPage","@id":"https://prim.cz/sk/aktualita/olympiada-deti-a-mladeze-2025-sk/","url":"https://prim.cz/sk/aktualita/olympiada-deti-a-mladeze-2025-sk/","name":"Olympiáda detí a mládeže 2025 - PRIM - originální české pánské, dámské, dětské hodinky a hodiny","isPartOf":{"@id":"https://prim.cz/en/#website"},"datePublished":"2025-02-07T07:20:08+00:00","dateModified":"2026-03-16T10:52:43+00:00","breadcrumb":{"@id":"https://prim.cz/sk/aktualita/olympiada-deti-a-mladeze-2025-sk/#breadcrumb"},"inLanguage":"sk-SK","potentialAction":[{"@type":"ReadAction","target":["https://prim.cz/sk/aktualita/olympiada-deti-a-mladeze-2025-sk/"]}]},{"@type":"BreadcrumbList","@id":"https://prim.cz/sk/aktualita/olympiada-deti-a-mladeze-2025-sk/#breadcrumb","itemListElement":[{"@type":"ListItem","position":1,"name":"Domů","item":"https://prim.cz/sk/"},{"@type":"ListItem","position":2,"name":"Olympiáda detí a mládeže 2025"}]},{"@type":"WebSite","@id":"https://prim.cz/en/#website","url":"https://prim.cz/en/","name":"PRIM - originální české pánské, dámské, dětské hodinky a hodiny","description":"Nakupujte přímo u výrobce! Originální eshop s kompletním sortimentem českých hodinek PRIM.","alternateName":"prim.cz","potentialAction":[{"@type":"SearchAction","target":{"@type":"EntryPoint","urlTemplate":"https://prim.cz/en/?s={search_term_string}"},"query-input":{"@type":"PropertyValueSpecification","valueRequired":true,"valueName":"search_term_string"}}],"inLanguage":"sk-SK"}]}</script>
<!-- / Yoast SEO plugin. -->

Olympiáda detí a mládeže 2025 - PRIM - originální české pánské, dámské, dětské hodinky a hodiny

Tohtoročná olympiáda detí a mládeže sa koná v našom rodnom meste, vo Frýdku-Místku. O to viac sme poctení dlhoročnou spoluprácou s Českým olympijským výborom, vďaka ktorej sme mohli aj túto olympiádu podporiť hodinkami z našich radov. Hodinky sme odovzdali zlatému olympionikovi Macháčovi, pričom pri samotnom odovzdávaní bol aj náš prezident Petr Pavel, ako aj juhočeskému [&hellip;]

PRIM - originální české pánské, dámské, dětské hodinky a hodiny

1 minúta

Domů

Nakupujte přímo u výrobce! Originální eshop s kompletním sortimentem českých hodinek PRIM.

Olympiáda dětí a mládeže 2025

Olimpiada Dzieci i Młodzieży 2025
