{"version":"1.0","provider_name":"PRIM - origin\u00e1ln\u00ed \u010desk\u00e9 p\u00e1nsk\u00e9, d\u00e1msk\u00e9, d\u011btsk\u00e9 hodinky a hodiny","provider_url":"https:\/\/prim.cz\/sk\/","author_name":"David Pleva","author_url":"https:\/\/prim.cz\/sk\/author\/david_pleva\/","title":"TGR Czech na festivale Toyota and Lexus - PRIM - origin\u00e1ln\u00ed \u010desk\u00e9 p\u00e1nsk\u00e9, d\u00e1msk\u00e9, d\u011btsk\u00e9 hodinky a hodiny","type":"rich","width":600,"height":338,"html":"<blockquote class=\"wp-embedded-content\" data-secret=\"VvN1yKzT0l\"><a href=\"https:\/\/prim.cz\/sk\/aktualita\/tgr-czech-na-festivale-toyota-and-lexus\/\">TGR Czech na festivale Toyota and Lexus<\/a><\/blockquote><iframe sandbox=\"allow-scripts\" security=\"restricted\" src=\"https:\/\/prim.cz\/sk\/aktualita\/tgr-czech-na-festivale-toyota-and-lexus\/embed\/#?secret=VvN1yKzT0l\" width=\"600\" height=\"338\" title=\"&#8220;TGR Czech na festivale Toyota and Lexus&#8221; &#8212; PRIM - origin\u00e1ln\u00ed \u010desk\u00e9 p\u00e1nsk\u00e9, d\u00e1msk\u00e9, d\u011btsk\u00e9 hodinky a hodiny\" data-secret=\"VvN1yKzT0l\" frameborder=\"0\" marginwidth=\"0\" marginheight=\"0\" scrolling=\"no\" class=\"wp-embedded-content\"><\/iframe><script>\n\/*! This file is auto-generated *\/\n!function(d,l){\"use strict\";l.querySelector&&d.addEventListener&&\"undefined\"!=typeof URL&&(d.wp=d.wp||{},d.wp.receiveEmbedMessage||(d.wp.receiveEmbedMessage=function(e){var t=e.data;if((t||t.secret||t.message||t.value)&&!\/[^a-zA-Z0-9]\/.test(t.secret)){for(var s,r,n,a=l.querySelectorAll('iframe[data-secret=\"'+t.secret+'\"]'),o=l.querySelectorAll('blockquote[data-secret=\"'+t.secret+'\"]'),c=new RegExp(\"^https?:$\",\"i\"),i=0;i<o.length;i++)o[i].style.display=\"none\";for(i=0;i<a.length;i++)s=a[i],e.source===s.contentWindow&&(s.removeAttribute(\"style\"),\"height\"===t.message?(1e3<(r=parseInt(t.value,10))?r=1e3:~~r<200&&(r=200),s.height=r):\"link\"===t.message&&(r=new URL(s.getAttribute(\"src\")),n=new URL(t.value),c.test(n.protocol))&&n.host===r.host&&l.activeElement===s&&(d.top.location.href=t.value))}},d.addEventListener(\"message\",d.wp.receiveEmbedMessage,!1),l.addEventListener(\"DOMContentLoaded\",function(){for(var e,t,s=l.querySelectorAll(\"iframe.wp-embedded-content\"),r=0;r<s.length;r++)(t=(e=s[r]).getAttribute(\"data-secret\"))||(t=Math.random().toString(36).substring(2,12),e.src+=\"#?secret=\"+t,e.setAttribute(\"data-secret\",t)),e.contentWindow.postMessage({message:\"ready\",secret:t},\"*\")},!1)))}(window,document);\n\/\/# sourceURL=https:\/\/prim.cz\/wp-includes\/js\/wp-embed.min.js\n<\/script>\n","description":"Siln\u00e9 poryvy vetra, kr\u00fapy, slab\u00fd d\u00e1\u017e\u010f, siln\u00fd d\u00e1\u017e\u010f, bezvetrie, modr\u00e1 obloha zaliata slnkom \u2014 skr\u00e1tka typick\u00e9 apr\u00edlov\u00e9 po\u010dasie nepokazilo skvel\u00fa atmosf\u00e9ru prv\u00e9ho ro\u010dn\u00edka festivalu mobility Toyota Lexus. Polyg\u00f3n na letisku v Hradci Kr\u00e1lov\u00e9 hostil najv\u00e4\u010d\u0161iu akciu Toyoty \u010cesk\u00e1 republika s neuverite\u013enou uk\u00e1\u017ekou v\u0161etk\u00fdch modelov najv\u00e4\u010d\u0161ej svetovej automobilky. Perli\u010dkou na skvele pripravenej akcii pre firemn\u00fdch z\u00e1kazn\u00edkov [&hellip;]","thumbnail_url":"https:\/\/prim.cz\/wp-content\/uploads\/2024\/04\/download-22-1000x1000-1.webp","thumbnail_width":1000,"thumbnail_height":1000}

PRIM - originální české pánské, dámské, dětské hodinky a hodiny

TGR Czech na festivale Toyota and Lexus - PRIM - originální české pánské, dámské, dětské hodinky a hodiny

<blockquote class="wp-embedded-content" data-secret="VvN1yKzT0l"><a href="https://prim.cz/sk/aktualita/tgr-czech-na-festivale-toyota-and-lexus/">TGR Czech na festivale Toyota and Lexus</a></blockquote><iframe sandbox="allow-scripts" security="restricted" src="https://prim.cz/sk/aktualita/tgr-czech-na-festivale-toyota-and-lexus/embed/#?secret=VvN1yKzT0l" width="600" height="338" title="&#8220;TGR Czech na festivale Toyota and Lexus&#8221; &#8212; PRIM - originální české pánské, dámské, dětské hodinky a hodiny" data-secret="VvN1yKzT0l" frameborder="0" marginwidth="0" marginheight="0" scrolling="no" class="wp-embedded-content"></iframe><script>
/*! This file is auto-generated */
!function(d,l){"use strict";l.querySelector&&d.addEventListener&&"undefined"!=typeof URL&&(d.wp=d.wp||{},d.wp.receiveEmbedMessage||(d.wp.receiveEmbedMessage=function(e){var t=e.data;if((t||t.secret||t.message||t.value)&&!/[^a-zA-Z0-9]/.test(t.secret)){for(var s,r,n,a=l.querySelectorAll('iframe[data-secret="'+t.secret+'"]'),o=l.querySelectorAll('blockquote[data-secret="'+t.secret+'"]'),c=new RegExp("^https?:$","i"),i=0;i<o.length;i++)o[i].style.display="none";for(i=0;i<a.length;i++)s=a[i],e.source===s.contentWindow&&(s.removeAttribute("style"),"height"===t.message?(1e3<(r=parseInt(t.value,10))?r=1e3:~~r<200&&(r=200),s.height=r):"link"===t.message&&(r=new URL(s.getAttribute("src")),n=new URL(t.value),c.test(n.protocol))&&n.host===r.host&&l.activeElement===s&&(d.top.location.href=t.value))}},d.addEventListener("message",d.wp.receiveEmbedMessage,!1),l.addEventListener("DOMContentLoaded",function(){for(var e,t,s=l.querySelectorAll("iframe.wp-embedded-content"),r=0;r<s.length;r++)(t=(e=s[r]).getAttribute("data-secret"))||(t=Math.random().toString(36).substring(2,12),e.src+="#?secret="+t,e.setAttribute("data-secret",t)),e.contentWindow.postMessage({message:"ready",secret:t},"*")},!1)))}(window,document);
//# sourceURL=https://prim.cz/wp-includes/js/wp-embed.min.js
</script>

Silné poryvy vetra, krúpy, slabý dážď, silný dážď, bezvetrie, modrá obloha zaliata slnkom — skrátka typické aprílové počasie nepokazilo skvelú atmosféru prvého ročníka festivalu mobility Toyota Lexus. Polygón na letisku v Hradci Králové hostil najväčšiu akciu Toyoty Česká republika s neuveriteľnou ukážkou všetkých modelov najväčšej svetovej automobilky. Perličkou na skvele pripravenej akcii pre firemných zákazníkov [&hellip;]
