{"id":44070,"date":"2025-02-07T08:20:08","date_gmt":"2025-02-07T07:20:08","guid":{"rendered":"https:\/\/prim.cz\/aktualita\/olimpiada-dzieci-i-mlodziezy-2025\/"},"modified":"2026-03-16T11:52:44","modified_gmt":"2026-03-16T10:52:44","slug":"olimpiada-dzieci-i-mlodziezy-2025","status":"publish","type":"aktualita","link":"https:\/\/prim.cz\/pl\/aktualita\/olimpiada-dzieci-i-mlodziezy-2025\/","title":{"rendered":"Olimpiada Dzieci i M\u0142odzie\u017cy 2025"},"content":{"rendered":"\n<p>Tegoroczna Olimpiada Dzieci i M\u0142odzie\u017cy odbywa si\u0119 w naszym rodzinnym mie\u015bcie, we Fr\u00fddku-M\u00edstku. Tym bardziej jeste\u015bmy zaszczyceni wieloletni\u0105 wsp\u00f3\u0142prac\u0105 z Czeskim Komitetem Olimpijskim, dzi\u0119ki kt\u00f3rej mogli\u015bmy wesprze\u0107 t\u0119 olimpiad\u0119 zegarkami z naszej kolekcji. Zegarki wr\u0119czyli\u015bmy z\u0142otemu olimpijczykowi Mach\u00e1\u010dowi, przy czym przy samym wr\u0119czeniu obecny by\u0142 nasz prezydent Petr Pavel, a tak\u017ce po\u0142udniowoczeskiego hokeist\u0119 Hru\u0161k\u0119 za gest fair-play!<\/p>\n\n\n\n<p>Wi\u0119cej informacji: <a href=\"https:\/\/www.instagram.com\/p\/DFlJQvbNhal\/?img_index=1\" target=\"_blank\" rel=\"noreferrer noopener\">https:\/\/www.instagram.com\/p\/DFlJQvbNhal\/?img_index=1<\/a><\/p>\n\n\n\n<p>Cieszymy si\u0119, \u017ce i my mo\u017cemy by\u0107 obecni przy narodzinach m\u0142odych, obiecuj\u0105cych czeskich olimpijczyk\u00f3w!<\/p>\n\n\n\n<p><\/p>\n","protected":false},"featured_media":0,"template":"","meta":{"_acf_changed":false,"_link_to_original":""},"class_list":["post-44070","aktualita","type-aktualita","status-publish","hentry"],"acf":[],"yoast_head":"<!-- This site is optimized with the Yoast SEO plugin v26.9 - https:\/\/yoast.com\/product\/yoast-seo-wordpress\/ -->\n<title>Olimpiada Dzieci i M\u0142odzie\u017cy 2025 - PRIM.cz - origin\u00e1ln\u00ed \u010desk\u00e9 p\u00e1nsk\u00e9, d\u00e1msk\u00e9, d\u011btsk\u00e9 hodinky a hodiny<\/title>\n<meta name=\"robots\" content=\"index, follow, max-snippet:-1, max-image-preview:large, max-video-preview:-1\" \/>\n<link rel=\"canonical\" href=\"https:\/\/prim.cz\/pl\/aktualita\/olimpiada-dzieci-i-mlodziezy-2025\/\" \/>\n<meta property=\"og:locale\" content=\"pl_PL\" \/>\n<meta property=\"og:type\" content=\"article\" \/>\n<meta property=\"og:title\" content=\"Olimpiada Dzieci i M\u0142odzie\u017cy 2025 - PRIM.cz - origin\u00e1ln\u00ed \u010desk\u00e9 p\u00e1nsk\u00e9, d\u00e1msk\u00e9, d\u011btsk\u00e9 hodinky a hodiny\" \/>\n<meta property=\"og:description\" content=\"Tegoroczna Olimpiada Dzieci i M\u0142odzie\u017cy odbywa si\u0119 w naszym rodzinnym mie\u015bcie, we Fr\u00fddku-M\u00edstku. Tym bardziej jeste\u015bmy zaszczyceni wieloletni\u0105 wsp\u00f3\u0142prac\u0105 z Czeskim Komitetem Olimpijskim, dzi\u0119ki kt\u00f3rej mogli\u015bmy wesprze\u0107 t\u0119 olimpiad\u0119 zegarkami z naszej kolekcji. Zegarki wr\u0119czyli\u015bmy z\u0142otemu olimpijczykowi Mach\u00e1\u010dowi, przy czym przy samym wr\u0119czeniu obecny by\u0142 nasz prezydent Petr Pavel, a tak\u017ce po\u0142udniowoczeskiego hokeist\u0119 Hru\u0161k\u0119 za [&hellip;]\" \/>\n<meta property=\"og:url\" content=\"https:\/\/prim.cz\/pl\/aktualita\/olimpiada-dzieci-i-mlodziezy-2025\/\" \/>\n<meta property=\"og:site_name\" content=\"PRIM.cz - origin\u00e1ln\u00ed \u010desk\u00e9 p\u00e1nsk\u00e9, d\u00e1msk\u00e9, d\u011btsk\u00e9 hodinky a hodiny\" \/>\n<meta property=\"article:modified_time\" content=\"2026-03-16T10:52:44+00:00\" \/>\n<meta name=\"twitter:card\" content=\"summary_large_image\" \/>\n<meta name=\"twitter:label1\" content=\"Szacowany czas czytania\" \/>\n\t<meta name=\"twitter:data1\" content=\"1 minuta\" \/>\n<script type=\"application\/ld+json\" class=\"yoast-schema-graph\">{\"@context\":\"https:\/\/schema.org\",\"@graph\":[{\"@type\":\"WebPage\",\"@id\":\"https:\/\/prim.cz\/pl\/aktualita\/olimpiada-dzieci-i-mlodziezy-2025\/\",\"url\":\"https:\/\/prim.cz\/pl\/aktualita\/olimpiada-dzieci-i-mlodziezy-2025\/\",\"name\":\"Olimpiada Dzieci i M\u0142odzie\u017cy 2025 - PRIM.cz - origin\u00e1ln\u00ed \u010desk\u00e9 p\u00e1nsk\u00e9, d\u00e1msk\u00e9, d\u011btsk\u00e9 hodinky a hodiny\",\"isPartOf\":{\"@id\":\"https:\/\/prim.cz\/en\/#website\"},\"datePublished\":\"2025-02-07T07:20:08+00:00\",\"dateModified\":\"2026-03-16T10:52:44+00:00\",\"breadcrumb\":{\"@id\":\"https:\/\/prim.cz\/pl\/aktualita\/olimpiada-dzieci-i-mlodziezy-2025\/#breadcrumb\"},\"inLanguage\":\"pl-PL\",\"potentialAction\":[{\"@type\":\"ReadAction\",\"target\":[\"https:\/\/prim.cz\/pl\/aktualita\/olimpiada-dzieci-i-mlodziezy-2025\/\"]}]},{\"@type\":\"BreadcrumbList\",\"@id\":\"https:\/\/prim.cz\/pl\/aktualita\/olimpiada-dzieci-i-mlodziezy-2025\/#breadcrumb\",\"itemListElement\":[{\"@type\":\"ListItem\",\"position\":1,\"name\":\"Dom\u016f\",\"item\":\"https:\/\/prim.cz\/pl\/\"},{\"@type\":\"ListItem\",\"position\":2,\"name\":\"Olimpiada Dzieci i M\u0142odzie\u017cy 2025\"}]},{\"@type\":\"WebSite\",\"@id\":\"https:\/\/prim.cz\/en\/#website\",\"url\":\"https:\/\/prim.cz\/en\/\",\"name\":\"PRIM - origin\u00e1ln\u00ed \u010desk\u00e9 p\u00e1nsk\u00e9, d\u00e1msk\u00e9, d\u011btsk\u00e9 hodinky a hodiny\",\"description\":\"Nakupujte p\u0159\u00edmo u v\u00fdrobce! Origin\u00e1ln\u00ed eshop s kompletn\u00edm sortimentem \u010desk\u00fdch hodinek PRIM.\",\"alternateName\":\"prim.cz\",\"potentialAction\":[{\"@type\":\"SearchAction\",\"target\":{\"@type\":\"EntryPoint\",\"urlTemplate\":\"https:\/\/prim.cz\/en\/?s={search_term_string}\"},\"query-input\":{\"@type\":\"PropertyValueSpecification\",\"valueRequired\":true,\"valueName\":\"search_term_string\"}}],\"inLanguage\":\"pl-PL\"}]}<\/script>\n<!-- \/ Yoast SEO plugin. -->","yoast_head_json":{"title":"Olimpiada Dzieci i M\u0142odzie\u017cy 2025 - PRIM.cz - origin\u00e1ln\u00ed \u010desk\u00e9 p\u00e1nsk\u00e9, d\u00e1msk\u00e9, d\u011btsk\u00e9 hodinky a hodiny","robots":{"index":"index","follow":"follow","max-snippet":"max-snippet:-1","max-image-preview":"max-image-preview:large","max-video-preview":"max-video-preview:-1"},"canonical":"https:\/\/prim.cz\/pl\/aktualita\/olimpiada-dzieci-i-mlodziezy-2025\/","og_locale":"pl_PL","og_type":"article","og_title":"Olimpiada Dzieci i M\u0142odzie\u017cy 2025 - PRIM.cz - origin\u00e1ln\u00ed \u010desk\u00e9 p\u00e1nsk\u00e9, d\u00e1msk\u00e9, d\u011btsk\u00e9 hodinky a hodiny","og_description":"Tegoroczna Olimpiada Dzieci i M\u0142odzie\u017cy odbywa si\u0119 w naszym rodzinnym mie\u015bcie, we Fr\u00fddku-M\u00edstku. Tym bardziej jeste\u015bmy zaszczyceni wieloletni\u0105 wsp\u00f3\u0142prac\u0105 z Czeskim Komitetem Olimpijskim, dzi\u0119ki kt\u00f3rej mogli\u015bmy wesprze\u0107 t\u0119 olimpiad\u0119 zegarkami z naszej kolekcji. Zegarki wr\u0119czyli\u015bmy z\u0142otemu olimpijczykowi Mach\u00e1\u010dowi, przy czym przy samym wr\u0119czeniu obecny by\u0142 nasz prezydent Petr Pavel, a tak\u017ce po\u0142udniowoczeskiego hokeist\u0119 Hru\u0161k\u0119 za [&hellip;]","og_url":"https:\/\/prim.cz\/pl\/aktualita\/olimpiada-dzieci-i-mlodziezy-2025\/","og_site_name":"PRIM.cz - origin\u00e1ln\u00ed \u010desk\u00e9 p\u00e1nsk\u00e9, d\u00e1msk\u00e9, d\u011btsk\u00e9 hodinky a hodiny","article_modified_time":"2026-03-16T10:52:44+00:00","twitter_card":"summary_large_image","twitter_misc":{"Szacowany czas czytania":"1 minuta"},"schema":{"@context":"https:\/\/schema.org","@graph":[{"@type":"WebPage","@id":"https:\/\/prim.cz\/pl\/aktualita\/olimpiada-dzieci-i-mlodziezy-2025\/","url":"https:\/\/prim.cz\/pl\/aktualita\/olimpiada-dzieci-i-mlodziezy-2025\/","name":"Olimpiada Dzieci i M\u0142odzie\u017cy 2025 - PRIM.cz - origin\u00e1ln\u00ed \u010desk\u00e9 p\u00e1nsk\u00e9, d\u00e1msk\u00e9, d\u011btsk\u00e9 hodinky a hodiny","isPartOf":{"@id":"https:\/\/prim.cz\/en\/#website"},"datePublished":"2025-02-07T07:20:08+00:00","dateModified":"2026-03-16T10:52:44+00:00","breadcrumb":{"@id":"https:\/\/prim.cz\/pl\/aktualita\/olimpiada-dzieci-i-mlodziezy-2025\/#breadcrumb"},"inLanguage":"pl-PL","potentialAction":[{"@type":"ReadAction","target":["https:\/\/prim.cz\/pl\/aktualita\/olimpiada-dzieci-i-mlodziezy-2025\/"]}]},{"@type":"BreadcrumbList","@id":"https:\/\/prim.cz\/pl\/aktualita\/olimpiada-dzieci-i-mlodziezy-2025\/#breadcrumb","itemListElement":[{"@type":"ListItem","position":1,"name":"Dom\u016f","item":"https:\/\/prim.cz\/pl\/"},{"@type":"ListItem","position":2,"name":"Olimpiada Dzieci i M\u0142odzie\u017cy 2025"}]},{"@type":"WebSite","@id":"https:\/\/prim.cz\/en\/#website","url":"https:\/\/prim.cz\/en\/","name":"PRIM - origin\u00e1ln\u00ed \u010desk\u00e9 p\u00e1nsk\u00e9, d\u00e1msk\u00e9, d\u011btsk\u00e9 hodinky a hodiny","description":"Nakupujte p\u0159\u00edmo u v\u00fdrobce! Origin\u00e1ln\u00ed eshop s kompletn\u00edm sortimentem \u010desk\u00fdch hodinek PRIM.","alternateName":"prim.cz","potentialAction":[{"@type":"SearchAction","target":{"@type":"EntryPoint","urlTemplate":"https:\/\/prim.cz\/en\/?s={search_term_string}"},"query-input":{"@type":"PropertyValueSpecification","valueRequired":true,"valueName":"search_term_string"}}],"inLanguage":"pl-PL"}]}},"wpml_current_locale":"pl_PL","wpml_translations":{"cs_CZ":{"locale":"cs_CZ","id":26986,"slug":"trener-roku-2024","post_title":"Olympi\u00e1da d\u011bt\u00ed a ml\u00e1de\u017ee 2025","href":"https:\/\/prim.cz\/aktualita\/trener-roku-2024\/"},"sk_SK":{"locale":"sk_SK","id":44066,"slug":"olympiada-deti-a-mladeze-2025-sk","post_title":"Olympi\u00e1da det\u00ed a ml\u00e1de\u017ee 2025","href":"https:\/\/prim.cz\/sk\/aktualita\/olympiada-deti-a-mladeze-2025-sk\/"},"pl_PL":{"locale":"pl_PL","translation":"current"},"en_US":{"locale":"en_US","id":44062,"slug":"childrens-and-youth-olympics-2025","post_title":"Children's and Youth Olympics 2025","href":"https:\/\/prim.cz\/en\/aktualita\/childrens-and-youth-olympics-2025\/"}},"_links":{"self":[{"href":"https:\/\/prim.cz\/pl\/wp-json\/wp\/v2\/aktualita\/44070","targetHints":{"allow":["GET"]}}],"collection":[{"href":"https:\/\/prim.cz\/pl\/wp-json\/wp\/v2\/aktualita"}],"about":[{"href":"https:\/\/prim.cz\/pl\/wp-json\/wp\/v2\/types\/aktualita"}],"wp:attachment":[{"href":"https:\/\/prim.cz\/pl\/wp-json\/wp\/v2\/media?parent=44070"}],"curies":[{"name":"wp","href":"https:\/\/api.w.org\/{rel}","templated":true}]}}

Olimpiada Dzieci i Młodzieży 2025

<p>Tegoroczna Olimpiada Dzieci i Młodzieży odbywa się w naszym rodzinnym mieście, we Frýdku-Místku. Tym bardziej jesteśmy zaszczyceni wieloletnią współpracą z Czeskim Komitetem Olimpijskim, dzięki której mogliśmy wesprzeć tę olimpiadę zegarkami z naszej kolekcji. Zegarki wręczyliśmy złotemu olimpijczykowi Macháčowi, przy czym przy samym wręczeniu obecny był nasz prezydent Petr Pavel, a także południowoczeskiego hokeistę Hruškę za gest fair-play!</p>



<p>Więcej informacji: <a href="https://www.instagram.com/p/DFlJQvbNhal/?img_index=1" target="_blank" rel="noreferrer noopener">https://www.instagram.com/p/DFlJQvbNhal/?img_index=1</a></p>



<p>Cieszymy się, że i my możemy być obecni przy narodzinach młodych, obiecujących czeskich olimpijczyków!</p>



<p></p>

<!-- This site is optimized with the Yoast SEO plugin v26.9 - https://yoast.com/product/yoast-seo-wordpress/ -->
<title>Olimpiada Dzieci i Młodzieży 2025 - PRIM.cz - originální české pánské, dámské, dětské hodinky a hodiny</title>
<meta name="robots" content="index, follow, max-snippet:-1, max-image-preview:large, max-video-preview:-1" />
<link rel="canonical" href="https://prim.cz/pl/aktualita/olimpiada-dzieci-i-mlodziezy-2025/" />
<meta property="og:locale" content="pl_PL" />
<meta property="og:type" content="article" />
<meta property="og:title" content="Olimpiada Dzieci i Młodzieży 2025 - PRIM.cz - originální české pánské, dámské, dětské hodinky a hodiny" />
<meta property="og:description" content="Tegoroczna Olimpiada Dzieci i Młodzieży odbywa się w naszym rodzinnym mieście, we Frýdku-Místku. Tym bardziej jesteśmy zaszczyceni wieloletnią współpracą z Czeskim Komitetem Olimpijskim, dzięki której mogliśmy wesprzeć tę olimpiadę zegarkami z naszej kolekcji. Zegarki wręczyliśmy złotemu olimpijczykowi Macháčowi, przy czym przy samym wręczeniu obecny był nasz prezydent Petr Pavel, a także południowoczeskiego hokeistę Hruškę za [&hellip;]" />
<meta property="og:url" content="https://prim.cz/pl/aktualita/olimpiada-dzieci-i-mlodziezy-2025/" />
<meta property="og:site_name" content="PRIM.cz - originální české pánské, dámské, dětské hodinky a hodiny" />
<meta property="article:modified_time" content="2026-03-16T10:52:44+00:00" />
<meta name="twitter:card" content="summary_large_image" />
<meta name="twitter:label1" content="Szacowany czas czytania" />
	<meta name="twitter:data1" content="1 minuta" />
<script type="application/ld+json" class="yoast-schema-graph">{"@context":"https://schema.org","@graph":[{"@type":"WebPage","@id":"https://prim.cz/pl/aktualita/olimpiada-dzieci-i-mlodziezy-2025/","url":"https://prim.cz/pl/aktualita/olimpiada-dzieci-i-mlodziezy-2025/","name":"Olimpiada Dzieci i Młodzieży 2025 - PRIM.cz - originální české pánské, dámské, dětské hodinky a hodiny","isPartOf":{"@id":"https://prim.cz/en/#website"},"datePublished":"2025-02-07T07:20:08+00:00","dateModified":"2026-03-16T10:52:44+00:00","breadcrumb":{"@id":"https://prim.cz/pl/aktualita/olimpiada-dzieci-i-mlodziezy-2025/#breadcrumb"},"inLanguage":"pl-PL","potentialAction":[{"@type":"ReadAction","target":["https://prim.cz/pl/aktualita/olimpiada-dzieci-i-mlodziezy-2025/"]}]},{"@type":"BreadcrumbList","@id":"https://prim.cz/pl/aktualita/olimpiada-dzieci-i-mlodziezy-2025/#breadcrumb","itemListElement":[{"@type":"ListItem","position":1,"name":"Domů","item":"https://prim.cz/pl/"},{"@type":"ListItem","position":2,"name":"Olimpiada Dzieci i Młodzieży 2025"}]},{"@type":"WebSite","@id":"https://prim.cz/en/#website","url":"https://prim.cz/en/","name":"PRIM - originální české pánské, dámské, dětské hodinky a hodiny","description":"Nakupujte přímo u výrobce! Originální eshop s kompletním sortimentem českých hodinek PRIM.","alternateName":"prim.cz","potentialAction":[{"@type":"SearchAction","target":{"@type":"EntryPoint","urlTemplate":"https://prim.cz/en/?s={search_term_string}"},"query-input":{"@type":"PropertyValueSpecification","valueRequired":true,"valueName":"search_term_string"}}],"inLanguage":"pl-PL"}]}</script>
<!-- / Yoast SEO plugin. -->

Olimpiada Dzieci i Młodzieży 2025 - PRIM.cz - originální české pánské, dámské, dětské hodinky a hodiny

Tegoroczna Olimpiada Dzieci i Młodzieży odbywa się w naszym rodzinnym mieście, we Frýdku-Místku. Tym bardziej jesteśmy zaszczyceni wieloletnią współpracą z Czeskim Komitetem Olimpijskim, dzięki której mogliśmy wesprzeć tę olimpiadę zegarkami z naszej kolekcji. Zegarki wręczyliśmy złotemu olimpijczykowi Macháčowi, przy czym przy samym wręczeniu obecny był nasz prezydent Petr Pavel, a także południowoczeskiego hokeistę Hruškę za [&hellip;]

PRIM.cz - originální české pánské, dámské, dětské hodinky a hodiny

Domů

PRIM - originální české pánské, dámské, dětské hodinky a hodiny

Nakupujte přímo u výrobce! Originální eshop s kompletním sortimentem českých hodinek PRIM.

Olympiáda dětí a mládeže 2025

Olympiáda detí a mládeže 2025
