{"id":44063,"date":"2025-06-27T09:16:22","date_gmt":"2025-06-27T07:16:22","guid":{"rendered":"https:\/\/prim.cz\/aktualita\/zwyczajne-walne-zgromadzenie-27-6-2025\/"},"modified":"2026-03-16T11:52:34","modified_gmt":"2026-03-16T10:52:34","slug":"zwyczajne-walne-zgromadzenie-27-6-2025","status":"publish","type":"aktualita","link":"https:\/\/prim.cz\/pl\/aktualita\/zwyczajne-walne-zgromadzenie-27-6-2025\/","title":{"rendered":"Zwyczajne Walne Zgromadzenie 27.6.2025"},"content":{"rendered":"<div id=\"b-tyagzm_mhx8n9im\" class=\"brxe-div\"><\/div>\n\n\n<div class=\"wp-block-columns is-layout-flex wp-container-core-columns-is-layout-9d6595d7 wp-block-columns-is-layout-flex\">\n<div class=\"wp-block-column is-layout-flow wp-block-column-is-layout-flow\"><\/div>\n\n\n\n<div class=\"wp-block-column is-vertically-aligned-top is-layout-flow wp-block-column-is-layout-flow\">\n<p>W dniu&nbsp;<strong>27 czerwca 2025 r. o godz. 11:00<\/strong>&nbsp;odby\u0142o si\u0119 Zwyczajne Walne Zgromadzenie sp\u00f3\u0142ki ELTON hodin\u00e1\u0159sk\u00e1, a.s.<\/p>\n<\/div>\n\n\n\n<div class=\"wp-block-column is-layout-flow wp-block-column-is-layout-flow\"><\/div>\n<\/div>\n\n\n<div id=\"b-tyagzm_mhx8ir1o\" class=\"brxe-div\"><\/div>\n\n\n<div class=\"wp-block-group is-vertical is-content-justification-center is-layout-flex wp-container-core-group-is-layout-4b2eccd6 wp-block-group-is-layout-flex\">\n<div class=\"wp-block-buttons is-layout-flex wp-block-buttons-is-layout-flex\">\n<div class=\"wp-block-button\"><a class=\"wp-block-button__link wp-element-button\" href=\"https:\/\/prim.cz\/wp-content\/uploads\/2025\/11\/Zapis-priloha_2024_Zprava-dozorci-rady.pdf\" target=\"_blank\" rel=\"noreferrer noopener\">Zapis-priloha_2024_Zprava-dozorci-rady.pdf<\/a><\/div>\n<\/div>\n\n\n\n<div class=\"wp-block-buttons is-layout-flex wp-block-buttons-is-layout-flex\">\n<div class=\"wp-block-button\"><a class=\"wp-block-button__link wp-element-button\" href=\"https:\/\/prim.cz\/wp-content\/uploads\/2025\/11\/2024_ELTON_Vyrocni-zprava-2.pdf\" target=\"_blank\" rel=\"noreferrer noopener\">Zapis-priloha_ELTON_Vyrocni-zprava.pdf<\/a><\/div>\n<\/div>\n\n\n\n<div class=\"wp-block-buttons is-layout-flex wp-block-buttons-is-layout-flex\">\n<div class=\"wp-block-button\"><a class=\"wp-block-button__link wp-element-button\" href=\"https:\/\/prim.cz\/wp-content\/uploads\/2025\/11\/Zapis-Priloha_Stanovy-spolecenosti-platne-od-27.6.2025.pdf\" target=\"_blank\" rel=\"noreferrer noopener\">Zapis-Priloha_Stanovy-spolecenosti-platne-od-27.6.2025.pdf<\/a><\/div>\n<\/div>\n\n\n\n<div class=\"wp-block-buttons is-layout-flex wp-block-buttons-is-layout-flex\">\n<div class=\"wp-block-button\"><a class=\"wp-block-button__link wp-element-button\" href=\"https:\/\/prim.cz\/wp-content\/uploads\/2025\/11\/Zapis-z-konani-Valne-hromady-ze-dne-27.6.2025_.pdf\" target=\"_blank\" rel=\"noreferrer noopener\">Zapis-z-konani-Valne-hromady-ze-dne-27.6.2025.pdf<\/a><\/div>\n<\/div>\n<\/div>\n\n\n<div id=\"b-tyagzm_mhvsklrq\" class=\"brxe-div\"><\/div>\n\n\n<p><\/p>\n","protected":false},"featured_media":0,"template":"","meta":{"_acf_changed":false,"_link_to_original":""},"class_list":["post-44063","aktualita","type-aktualita","status-publish","hentry"],"acf":[],"yoast_head":"<!-- This site is optimized with the Yoast SEO plugin v26.9 - https:\/\/yoast.com\/product\/yoast-seo-wordpress\/ -->\n<title>Zwyczajne Walne Zgromadzenie 27.6.2025 - PRIM.cz - origin\u00e1ln\u00ed \u010desk\u00e9 p\u00e1nsk\u00e9, d\u00e1msk\u00e9, d\u011btsk\u00e9 hodinky a hodiny<\/title>\n<meta name=\"robots\" content=\"index, follow, max-snippet:-1, max-image-preview:large, max-video-preview:-1\" \/>\n<link rel=\"canonical\" href=\"https:\/\/prim.cz\/pl\/aktualita\/zwyczajne-walne-zgromadzenie-27-6-2025\/\" \/>\n<meta property=\"og:locale\" content=\"pl_PL\" \/>\n<meta property=\"og:type\" content=\"article\" \/>\n<meta property=\"og:title\" content=\"Zwyczajne Walne Zgromadzenie 27.6.2025 - PRIM.cz - origin\u00e1ln\u00ed \u010desk\u00e9 p\u00e1nsk\u00e9, d\u00e1msk\u00e9, d\u011btsk\u00e9 hodinky a hodiny\" \/>\n<meta property=\"og:description\" content=\"W dniu&nbsp;27 czerwca 2025 r. o godz. 11:00&nbsp;odby\u0142o si\u0119 Zwyczajne Walne Zgromadzenie sp\u00f3\u0142ki ELTON hodin\u00e1\u0159sk\u00e1, a.s.\" \/>\n<meta property=\"og:url\" content=\"https:\/\/prim.cz\/pl\/aktualita\/zwyczajne-walne-zgromadzenie-27-6-2025\/\" \/>\n<meta property=\"og:site_name\" content=\"PRIM.cz - origin\u00e1ln\u00ed \u010desk\u00e9 p\u00e1nsk\u00e9, d\u00e1msk\u00e9, d\u011btsk\u00e9 hodinky a hodiny\" \/>\n<meta property=\"article:modified_time\" content=\"2026-03-16T10:52:34+00:00\" \/>\n<meta name=\"twitter:card\" content=\"summary_large_image\" \/>\n<script type=\"application\/ld+json\" class=\"yoast-schema-graph\">{\"@context\":\"https:\/\/schema.org\",\"@graph\":[{\"@type\":\"WebPage\",\"@id\":\"https:\/\/prim.cz\/pl\/aktualita\/zwyczajne-walne-zgromadzenie-27-6-2025\/\",\"url\":\"https:\/\/prim.cz\/pl\/aktualita\/zwyczajne-walne-zgromadzenie-27-6-2025\/\",\"name\":\"Zwyczajne Walne Zgromadzenie 27.6.2025 - PRIM.cz - origin\u00e1ln\u00ed \u010desk\u00e9 p\u00e1nsk\u00e9, d\u00e1msk\u00e9, d\u011btsk\u00e9 hodinky a hodiny\",\"isPartOf\":{\"@id\":\"https:\/\/prim.cz\/en\/#website\"},\"datePublished\":\"2025-06-27T07:16:22+00:00\",\"dateModified\":\"2026-03-16T10:52:34+00:00\",\"breadcrumb\":{\"@id\":\"https:\/\/prim.cz\/pl\/aktualita\/zwyczajne-walne-zgromadzenie-27-6-2025\/#breadcrumb\"},\"inLanguage\":\"pl-PL\",\"potentialAction\":[{\"@type\":\"ReadAction\",\"target\":[\"https:\/\/prim.cz\/pl\/aktualita\/zwyczajne-walne-zgromadzenie-27-6-2025\/\"]}]},{\"@type\":\"BreadcrumbList\",\"@id\":\"https:\/\/prim.cz\/pl\/aktualita\/zwyczajne-walne-zgromadzenie-27-6-2025\/#breadcrumb\",\"itemListElement\":[{\"@type\":\"ListItem\",\"position\":1,\"name\":\"Dom\u016f\",\"item\":\"https:\/\/prim.cz\/pl\/\"},{\"@type\":\"ListItem\",\"position\":2,\"name\":\"Zwyczajne Walne Zgromadzenie 27.6.2025\"}]},{\"@type\":\"WebSite\",\"@id\":\"https:\/\/prim.cz\/en\/#website\",\"url\":\"https:\/\/prim.cz\/en\/\",\"name\":\"PRIM - origin\u00e1ln\u00ed \u010desk\u00e9 p\u00e1nsk\u00e9, d\u00e1msk\u00e9, d\u011btsk\u00e9 hodinky a hodiny\",\"description\":\"Nakupujte p\u0159\u00edmo u v\u00fdrobce! Origin\u00e1ln\u00ed eshop s kompletn\u00edm sortimentem \u010desk\u00fdch hodinek PRIM.\",\"alternateName\":\"prim.cz\",\"potentialAction\":[{\"@type\":\"SearchAction\",\"target\":{\"@type\":\"EntryPoint\",\"urlTemplate\":\"https:\/\/prim.cz\/en\/?s={search_term_string}\"},\"query-input\":{\"@type\":\"PropertyValueSpecification\",\"valueRequired\":true,\"valueName\":\"search_term_string\"}}],\"inLanguage\":\"pl-PL\"}]}<\/script>\n<!-- \/ Yoast SEO plugin. -->","yoast_head_json":{"title":"Zwyczajne Walne Zgromadzenie 27.6.2025 - PRIM.cz - origin\u00e1ln\u00ed \u010desk\u00e9 p\u00e1nsk\u00e9, d\u00e1msk\u00e9, d\u011btsk\u00e9 hodinky a hodiny","robots":{"index":"index","follow":"follow","max-snippet":"max-snippet:-1","max-image-preview":"max-image-preview:large","max-video-preview":"max-video-preview:-1"},"canonical":"https:\/\/prim.cz\/pl\/aktualita\/zwyczajne-walne-zgromadzenie-27-6-2025\/","og_locale":"pl_PL","og_type":"article","og_title":"Zwyczajne Walne Zgromadzenie 27.6.2025 - PRIM.cz - origin\u00e1ln\u00ed \u010desk\u00e9 p\u00e1nsk\u00e9, d\u00e1msk\u00e9, d\u011btsk\u00e9 hodinky a hodiny","og_description":"W dniu&nbsp;27 czerwca 2025 r. o godz. 11:00&nbsp;odby\u0142o si\u0119 Zwyczajne Walne Zgromadzenie sp\u00f3\u0142ki ELTON hodin\u00e1\u0159sk\u00e1, a.s.","og_url":"https:\/\/prim.cz\/pl\/aktualita\/zwyczajne-walne-zgromadzenie-27-6-2025\/","og_site_name":"PRIM.cz - origin\u00e1ln\u00ed \u010desk\u00e9 p\u00e1nsk\u00e9, d\u00e1msk\u00e9, d\u011btsk\u00e9 hodinky a hodiny","article_modified_time":"2026-03-16T10:52:34+00:00","twitter_card":"summary_large_image","schema":{"@context":"https:\/\/schema.org","@graph":[{"@type":"WebPage","@id":"https:\/\/prim.cz\/pl\/aktualita\/zwyczajne-walne-zgromadzenie-27-6-2025\/","url":"https:\/\/prim.cz\/pl\/aktualita\/zwyczajne-walne-zgromadzenie-27-6-2025\/","name":"Zwyczajne Walne Zgromadzenie 27.6.2025 - PRIM.cz - origin\u00e1ln\u00ed \u010desk\u00e9 p\u00e1nsk\u00e9, d\u00e1msk\u00e9, d\u011btsk\u00e9 hodinky a hodiny","isPartOf":{"@id":"https:\/\/prim.cz\/en\/#website"},"datePublished":"2025-06-27T07:16:22+00:00","dateModified":"2026-03-16T10:52:34+00:00","breadcrumb":{"@id":"https:\/\/prim.cz\/pl\/aktualita\/zwyczajne-walne-zgromadzenie-27-6-2025\/#breadcrumb"},"inLanguage":"pl-PL","potentialAction":[{"@type":"ReadAction","target":["https:\/\/prim.cz\/pl\/aktualita\/zwyczajne-walne-zgromadzenie-27-6-2025\/"]}]},{"@type":"BreadcrumbList","@id":"https:\/\/prim.cz\/pl\/aktualita\/zwyczajne-walne-zgromadzenie-27-6-2025\/#breadcrumb","itemListElement":[{"@type":"ListItem","position":1,"name":"Dom\u016f","item":"https:\/\/prim.cz\/pl\/"},{"@type":"ListItem","position":2,"name":"Zwyczajne Walne Zgromadzenie 27.6.2025"}]},{"@type":"WebSite","@id":"https:\/\/prim.cz\/en\/#website","url":"https:\/\/prim.cz\/en\/","name":"PRIM - origin\u00e1ln\u00ed \u010desk\u00e9 p\u00e1nsk\u00e9, d\u00e1msk\u00e9, d\u011btsk\u00e9 hodinky a hodiny","description":"Nakupujte p\u0159\u00edmo u v\u00fdrobce! Origin\u00e1ln\u00ed eshop s kompletn\u00edm sortimentem \u010desk\u00fdch hodinek PRIM.","alternateName":"prim.cz","potentialAction":[{"@type":"SearchAction","target":{"@type":"EntryPoint","urlTemplate":"https:\/\/prim.cz\/en\/?s={search_term_string}"},"query-input":{"@type":"PropertyValueSpecification","valueRequired":true,"valueName":"search_term_string"}}],"inLanguage":"pl-PL"}]}},"wpml_current_locale":"pl_PL","wpml_translations":{"cs_CZ":{"locale":"cs_CZ","id":39455,"slug":"radna-valna-hromada-27-6-2025","post_title":"\u0158\u00e1dn\u00e1 valn\u00e1 hromada 27.6.2025","href":"https:\/\/prim.cz\/aktualita\/radna-valna-hromada-27-6-2025\/"},"sk_SK":{"locale":"sk_SK","id":44059,"slug":"riadne-valne-zhromazdenie-27-6-2025","post_title":"Riadne valn\u00e9 zhroma\u017edenie 27.6.2025","href":"https:\/\/prim.cz\/sk\/aktualita\/riadne-valne-zhromazdenie-27-6-2025\/"},"pl_PL":{"locale":"pl_PL","translation":"current"},"en_US":{"locale":"en_US","id":44057,"slug":"annual-general-meeting-27-6-2025","post_title":"Annual General Meeting 27.6.2025","href":"https:\/\/prim.cz\/en\/aktualita\/annual-general-meeting-27-6-2025\/"}},"_links":{"self":[{"href":"https:\/\/prim.cz\/pl\/wp-json\/wp\/v2\/aktualita\/44063","targetHints":{"allow":["GET"]}}],"collection":[{"href":"https:\/\/prim.cz\/pl\/wp-json\/wp\/v2\/aktualita"}],"about":[{"href":"https:\/\/prim.cz\/pl\/wp-json\/wp\/v2\/types\/aktualita"}],"wp:attachment":[{"href":"https:\/\/prim.cz\/pl\/wp-json\/wp\/v2\/media?parent=44063"}],"curies":[{"name":"wp","href":"https:\/\/api.w.org\/{rel}","templated":true}]}}

<div id="b-tyagzm_mhx8n9im" class="brxe-div"></div>


<div class="wp-block-columns is-layout-flex wp-container-core-columns-is-layout-9d6595d7 wp-block-columns-is-layout-flex">
<div class="wp-block-column is-layout-flow wp-block-column-is-layout-flow"></div>



<div class="wp-block-column is-vertically-aligned-top is-layout-flow wp-block-column-is-layout-flow">
<p>W dniu&nbsp;<strong>27 czerwca 2025 r. o godz. 11:00</strong>&nbsp;odbyło się Zwyczajne Walne Zgromadzenie spółki ELTON hodinářská, a.s.</p>
</div>



<div class="wp-block-column is-layout-flow wp-block-column-is-layout-flow"></div>
</div>


<div id="b-tyagzm_mhx8ir1o" class="brxe-div"></div>


<div class="wp-block-group is-vertical is-content-justification-center is-layout-flex wp-container-core-group-is-layout-4b2eccd6 wp-block-group-is-layout-flex">
<div class="wp-block-buttons is-layout-flex wp-block-buttons-is-layout-flex">
<div class="wp-block-button"><a class="wp-block-button__link wp-element-button" href="https://prim.cz/wp-content/uploads/2025/11/Zapis-priloha_2024_Zprava-dozorci-rady.pdf" target="_blank" rel="noreferrer noopener">Zapis-priloha_2024_Zprava-dozorci-rady.pdf</a></div>
</div>



<div class="wp-block-buttons is-layout-flex wp-block-buttons-is-layout-flex">
<div class="wp-block-button"><a class="wp-block-button__link wp-element-button" href="https://prim.cz/wp-content/uploads/2025/11/2024_ELTON_Vyrocni-zprava-2.pdf" target="_blank" rel="noreferrer noopener">Zapis-priloha_ELTON_Vyrocni-zprava.pdf</a></div>
</div>



<div class="wp-block-buttons is-layout-flex wp-block-buttons-is-layout-flex">
<div class="wp-block-button"><a class="wp-block-button__link wp-element-button" href="https://prim.cz/wp-content/uploads/2025/11/Zapis-Priloha_Stanovy-spolecenosti-platne-od-27.6.2025.pdf" target="_blank" rel="noreferrer noopener">Zapis-Priloha_Stanovy-spolecenosti-platne-od-27.6.2025.pdf</a></div>
</div>



<div class="wp-block-buttons is-layout-flex wp-block-buttons-is-layout-flex">
<div class="wp-block-button"><a class="wp-block-button__link wp-element-button" href="https://prim.cz/wp-content/uploads/2025/11/Zapis-z-konani-Valne-hromady-ze-dne-27.6.2025_.pdf" target="_blank" rel="noreferrer noopener">Zapis-z-konani-Valne-hromady-ze-dne-27.6.2025.pdf</a></div>
</div>
</div>


<div id="b-tyagzm_mhvsklrq" class="brxe-div"></div>


<p></p>

<!-- This site is optimized with the Yoast SEO plugin v26.9 - https://yoast.com/product/yoast-seo-wordpress/ -->
<title>Zwyczajne Walne Zgromadzenie 27.6.2025 - PRIM.cz - originální české pánské, dámské, dětské hodinky a hodiny</title>
<meta name="robots" content="index, follow, max-snippet:-1, max-image-preview:large, max-video-preview:-1" />
<link rel="canonical" href="https://prim.cz/pl/aktualita/zwyczajne-walne-zgromadzenie-27-6-2025/" />
<meta property="og:locale" content="pl_PL" />
<meta property="og:type" content="article" />
<meta property="og:title" content="Zwyczajne Walne Zgromadzenie 27.6.2025 - PRIM.cz - originální české pánské, dámské, dětské hodinky a hodiny" />
<meta property="og:description" content="W dniu&nbsp;27 czerwca 2025 r. o godz. 11:00&nbsp;odbyło się Zwyczajne Walne Zgromadzenie spółki ELTON hodinářská, a.s." />
<meta property="og:url" content="https://prim.cz/pl/aktualita/zwyczajne-walne-zgromadzenie-27-6-2025/" />
<meta property="og:site_name" content="PRIM.cz - originální české pánské, dámské, dětské hodinky a hodiny" />
<meta property="article:modified_time" content="2026-03-16T10:52:34+00:00" />
<meta name="twitter:card" content="summary_large_image" />
<script type="application/ld+json" class="yoast-schema-graph">{"@context":"https://schema.org","@graph":[{"@type":"WebPage","@id":"https://prim.cz/pl/aktualita/zwyczajne-walne-zgromadzenie-27-6-2025/","url":"https://prim.cz/pl/aktualita/zwyczajne-walne-zgromadzenie-27-6-2025/","name":"Zwyczajne Walne Zgromadzenie 27.6.2025 - PRIM.cz - originální české pánské, dámské, dětské hodinky a hodiny","isPartOf":{"@id":"https://prim.cz/en/#website"},"datePublished":"2025-06-27T07:16:22+00:00","dateModified":"2026-03-16T10:52:34+00:00","breadcrumb":{"@id":"https://prim.cz/pl/aktualita/zwyczajne-walne-zgromadzenie-27-6-2025/#breadcrumb"},"inLanguage":"pl-PL","potentialAction":[{"@type":"ReadAction","target":["https://prim.cz/pl/aktualita/zwyczajne-walne-zgromadzenie-27-6-2025/"]}]},{"@type":"BreadcrumbList","@id":"https://prim.cz/pl/aktualita/zwyczajne-walne-zgromadzenie-27-6-2025/#breadcrumb","itemListElement":[{"@type":"ListItem","position":1,"name":"Domů","item":"https://prim.cz/pl/"},{"@type":"ListItem","position":2,"name":"Zwyczajne Walne Zgromadzenie 27.6.2025"}]},{"@type":"WebSite","@id":"https://prim.cz/en/#website","url":"https://prim.cz/en/","name":"PRIM - originální české pánské, dámské, dětské hodinky a hodiny","description":"Nakupujte přímo u výrobce! Originální eshop s kompletním sortimentem českých hodinek PRIM.","alternateName":"prim.cz","potentialAction":[{"@type":"SearchAction","target":{"@type":"EntryPoint","urlTemplate":"https://prim.cz/en/?s={search_term_string}"},"query-input":{"@type":"PropertyValueSpecification","valueRequired":true,"valueName":"search_term_string"}}],"inLanguage":"pl-PL"}]}</script>
<!-- / Yoast SEO plugin. -->

Zwyczajne Walne Zgromadzenie 27.6.2025 - PRIM.cz - originální české pánské, dámské, dětské hodinky a hodiny

W dniu&nbsp;27 czerwca 2025 r. o godz. 11:00&nbsp;odbyło się Zwyczajne Walne Zgromadzenie spółki ELTON hodinářská, a.s.

PRIM.cz - originální české pánské, dámské, dětské hodinky a hodiny

Domů

PRIM - originální české pánské, dámské, dětské hodinky a hodiny

Nakupujte přímo u výrobce! Originální eshop s kompletním sortimentem českých hodinek PRIM.

Řádná valná hromada 27.6.2025

Riadne valné zhromaždenie 27.6.2025
