{"version":"1.0","provider_name":"PRIM.cz - origin\u00e1ln\u00ed \u010desk\u00e9 p\u00e1nsk\u00e9, d\u00e1msk\u00e9, d\u011btsk\u00e9 hodinky a hodiny","provider_url":"https:\/\/prim.cz\/pl\/","author_name":"Irena Pla\u010dkov\u00e1","author_url":"https:\/\/prim.cz\/pl\/author\/plackova\/","title":"Mezin\u00e1rodn\u00ed konference pro tren\u00e9ry \u2013 Mosty 2019 - PRIM.cz - origin\u00e1ln\u00ed \u010desk\u00e9 p\u00e1nsk\u00e9, d\u00e1msk\u00e9, d\u011btsk\u00e9 hodinky a hodiny","type":"rich","width":600,"height":338,"html":"<blockquote class=\"wp-embedded-content\" data-secret=\"mbe1OoeLXI\"><a href=\"https:\/\/prim.cz\/pl\/aktualita\/mezinarodni-konference-pro-trenery-mosty-2019\/\">Mezin\u00e1rodn\u00ed konference pro tren\u00e9ry \u2013 Mosty 2019<\/a><\/blockquote><iframe sandbox=\"allow-scripts\" security=\"restricted\" src=\"https:\/\/prim.cz\/pl\/aktualita\/mezinarodni-konference-pro-trenery-mosty-2019\/embed\/#?secret=mbe1OoeLXI\" width=\"600\" height=\"338\" title=\"&#8222;Mezin\u00e1rodn\u00ed konference pro tren\u00e9ry \u2013 Mosty 2019&#8221; &#8212; PRIM.cz - origin\u00e1ln\u00ed \u010desk\u00e9 p\u00e1nsk\u00e9, d\u00e1msk\u00e9, d\u011btsk\u00e9 hodinky a hodiny\" data-secret=\"mbe1OoeLXI\" frameborder=\"0\" marginwidth=\"0\" marginheight=\"0\" scrolling=\"no\" class=\"wp-embedded-content\"><\/iframe><script>\n\/*! This file is auto-generated *\/\n!function(d,l){\"use strict\";l.querySelector&&d.addEventListener&&\"undefined\"!=typeof URL&&(d.wp=d.wp||{},d.wp.receiveEmbedMessage||(d.wp.receiveEmbedMessage=function(e){var t=e.data;if((t||t.secret||t.message||t.value)&&!\/[^a-zA-Z0-9]\/.test(t.secret)){for(var s,r,n,a=l.querySelectorAll('iframe[data-secret=\"'+t.secret+'\"]'),o=l.querySelectorAll('blockquote[data-secret=\"'+t.secret+'\"]'),c=new RegExp(\"^https?:$\",\"i\"),i=0;i<o.length;i++)o[i].style.display=\"none\";for(i=0;i<a.length;i++)s=a[i],e.source===s.contentWindow&&(s.removeAttribute(\"style\"),\"height\"===t.message?(1e3<(r=parseInt(t.value,10))?r=1e3:~~r<200&&(r=200),s.height=r):\"link\"===t.message&&(r=new URL(s.getAttribute(\"src\")),n=new URL(t.value),c.test(n.protocol))&&n.host===r.host&&l.activeElement===s&&(d.top.location.href=t.value))}},d.addEventListener(\"message\",d.wp.receiveEmbedMessage,!1),l.addEventListener(\"DOMContentLoaded\",function(){for(var e,t,s=l.querySelectorAll(\"iframe.wp-embedded-content\"),r=0;r<s.length;r++)(t=(e=s[r]).getAttribute(\"data-secret\"))||(t=Math.random().toString(36).substring(2,12),e.src+=\"#?secret=\"+t,e.setAttribute(\"data-secret\",t)),e.contentWindow.postMessage({message:\"ready\",secret:t},\"*\")},!1)))}(window,document);\n\/\/# sourceURL=https:\/\/prim.cz\/wp-includes\/js\/wp-embed.min.js\n<\/script>\n","description":"Mezin\u00e1rodn\u00ed konference pro tren\u00e9ry \u2013 Mosty 2019 \u010cesk\u00e1 tren\u00e9rsk\u00e1 akademie \u010cOV po\u0159\u00e1daj\u00ed jeden\u00e1ctou mezin\u00e1rodn\u00ed konferenci ur\u010denou zejm\u00e9na pro tren\u00e9ry \u2013 MOSTY. Konference bude i tentokr\u00e1t s celodenn\u00edm programem. Mezi \u0159e\u010dn\u00edky budou nap\u0159\u00edklad Barbora \u0160pot\u00e1kov\u00e1 (dvojn\u00e1sobn\u00e1 olympijsk\u00e1 v\u00edt\u011bzka), Chris Van Der Haegen (\u0159editel vzd\u011bl\u00e1vac\u00ed belgick\u00e9 fotbalov\u00e9 asociace, tv\u016frce strategie belgick\u00e9ho fotbalu), Maurizio Gherardiny (gener\u00e1ln\u00ed mana\u017eer Fenerbahce [&hellip;]","thumbnail_url":"https:\/\/prim.cz\/wp-content\/uploads\/2025\/02\/mosty-2019-03-1024x768-1.webp","thumbnail_width":1024,"thumbnail_height":768}

PRIM.cz - originální české pánské, dámské, dětské hodinky a hodiny

Irena Plačková

Mezinárodní konference pro trenéry – Mosty 2019 - PRIM.cz - originální české pánské, dámské, dětské hodinky a hodiny

<blockquote class="wp-embedded-content" data-secret="mbe1OoeLXI"><a href="https://prim.cz/pl/aktualita/mezinarodni-konference-pro-trenery-mosty-2019/">Mezinárodní konference pro trenéry – Mosty 2019</a></blockquote><iframe sandbox="allow-scripts" security="restricted" src="https://prim.cz/pl/aktualita/mezinarodni-konference-pro-trenery-mosty-2019/embed/#?secret=mbe1OoeLXI" width="600" height="338" title="&#8222;Mezinárodní konference pro trenéry – Mosty 2019&#8221; &#8212; PRIM.cz - originální české pánské, dámské, dětské hodinky a hodiny" data-secret="mbe1OoeLXI" frameborder="0" marginwidth="0" marginheight="0" scrolling="no" class="wp-embedded-content"></iframe><script>
/*! This file is auto-generated */
!function(d,l){"use strict";l.querySelector&&d.addEventListener&&"undefined"!=typeof URL&&(d.wp=d.wp||{},d.wp.receiveEmbedMessage||(d.wp.receiveEmbedMessage=function(e){var t=e.data;if((t||t.secret||t.message||t.value)&&!/[^a-zA-Z0-9]/.test(t.secret)){for(var s,r,n,a=l.querySelectorAll('iframe[data-secret="'+t.secret+'"]'),o=l.querySelectorAll('blockquote[data-secret="'+t.secret+'"]'),c=new RegExp("^https?:$","i"),i=0;i<o.length;i++)o[i].style.display="none";for(i=0;i<a.length;i++)s=a[i],e.source===s.contentWindow&&(s.removeAttribute("style"),"height"===t.message?(1e3<(r=parseInt(t.value,10))?r=1e3:~~r<200&&(r=200),s.height=r):"link"===t.message&&(r=new URL(s.getAttribute("src")),n=new URL(t.value),c.test(n.protocol))&&n.host===r.host&&l.activeElement===s&&(d.top.location.href=t.value))}},d.addEventListener("message",d.wp.receiveEmbedMessage,!1),l.addEventListener("DOMContentLoaded",function(){for(var e,t,s=l.querySelectorAll("iframe.wp-embedded-content"),r=0;r<s.length;r++)(t=(e=s[r]).getAttribute("data-secret"))||(t=Math.random().toString(36).substring(2,12),e.src+="#?secret="+t,e.setAttribute("data-secret",t)),e.contentWindow.postMessage({message:"ready",secret:t},"*")},!1)))}(window,document);
//# sourceURL=https://prim.cz/wp-includes/js/wp-embed.min.js
</script>

Mezinárodní konference pro trenéry – Mosty 2019 Česká trenérská akademie ČOV pořádají jedenáctou mezinárodní konferenci určenou zejména pro trenéry – MOSTY. Konference bude i tentokrát s celodenním programem. Mezi řečníky budou například Barbora Špotáková (dvojnásobná olympijská vítězka), Chris Van Der Haegen (ředitel vzdělávací belgické fotbalové asociace, tvůrce strategie belgického fotbalu), Maurizio Gherardiny (generální manažer Fenerbahce [&hellip;]
