{"id":32288,"date":"2025-03-04T08:08:21","date_gmt":"2025-03-04T07:08:21","guid":{"rendered":"https:\/\/prim.cz\/osobnost\/josef-kakrda\/"},"modified":"2026-03-30T08:48:18","modified_gmt":"2026-03-30T06:48:18","slug":"josef-kakrda","status":"publish","type":"osobnost","link":"https:\/\/prim.cz\/en\/osobnost\/josef-kakrda\/","title":{"rendered":"Josef Kakrda"},"content":{"rendered":"\n<div class=\"wp-block-media-text is-stacked-on-mobile\"><figure class=\"wp-block-media-text__media\"><img loading=\"lazy\" decoding=\"async\" width=\"1016\" height=\"1024\" src=\"https:\/\/prim.cz\/wp-content\/uploads\/2025\/08\/Obrazek-WhatsApp-2025-07-30-v-08.53.57_c3cf46a9-1016x1024.jpg\" alt=\"\" class=\"wp-image-35058 size-full\" srcset=\"https:\/\/prim.cz\/wp-content\/uploads\/2025\/08\/Obrazek-WhatsApp-2025-07-30-v-08.53.57_c3cf46a9-1016x1024.jpg 1016w, https:\/\/prim.cz\/wp-content\/uploads\/2025\/08\/Obrazek-WhatsApp-2025-07-30-v-08.53.57_c3cf46a9-298x300.jpg 298w, https:\/\/prim.cz\/wp-content\/uploads\/2025\/08\/Obrazek-WhatsApp-2025-07-30-v-08.53.57_c3cf46a9-150x150.jpg 150w, https:\/\/prim.cz\/wp-content\/uploads\/2025\/08\/Obrazek-WhatsApp-2025-07-30-v-08.53.57_c3cf46a9-768x774.jpg 768w, https:\/\/prim.cz\/wp-content\/uploads\/2025\/08\/Obrazek-WhatsApp-2025-07-30-v-08.53.57_c3cf46a9-1524x1536.jpg 1524w, https:\/\/prim.cz\/wp-content\/uploads\/2025\/08\/Obrazek-WhatsApp-2025-07-30-v-08.53.57_c3cf46a9.jpg 1588w\" sizes=\"auto, (max-width: 1016px) 100vw, 1016px\" \/><\/figure><div class=\"wp-block-media-text__content\">\n<p>We are proud to announce that <strong>Josef Kakrda<\/strong> has become an ambassador for the PRIM brand \u2013 a prominent figure in Czech motorsport who combines history, courage and a tireless passion for racing. His story is an inspiration for everyone who believes that the heart of a racer knows no age.<\/p>\n\n\n\n<p><strong>Who is Josef Kakrda?<\/strong><\/p>\n\n\n\n<p>Josef Kakrda is a Czech racing driver with an extraordinarily rich career. Motorsport is truly in his blood \u2013 he inherited his love of speed from his father, who was among the pioneers of autocross in Czechoslovakia.<\/p>\n\n\n\n<p>He started on the Easter formula in hillclimb races, then qualified for circuit racing, where he represented Czechoslovakia for seven years in the international <strong>Peace and Friendship Cup<\/strong>. Later he became part of a team preparing vehicles for the <strong>Paris\u2013Dakar Rally<\/strong>, where he <strong>completed the legendary race three times in the truck category<\/strong>. He also has a <strong>victory at the Pharaons Rally in Egypt<\/strong> to his name.<\/p>\n<\/div><\/div>\n","protected":false},"featured_media":0,"template":"","meta":{"_acf_changed":false,"_link_to_original":""},"taxonomie-pro-osobnost":[888,893],"class_list":["post-32288","osobnost","type-osobnost","status-publish","hentry","taxonomie-pro-osobnost-fotka16ku9-en","taxonomie-pro-osobnost-osobnost-en"],"acf":[],"yoast_head":"<!-- This site is optimized with the Yoast SEO plugin v26.9 - https:\/\/yoast.com\/product\/yoast-seo-wordpress\/ -->\n<title>Josef Kakrda - PRIM.cz - origin\u00e1ln\u00ed \u010desk\u00e9 p\u00e1nsk\u00e9, d\u00e1msk\u00e9, d\u011btsk\u00e9 hodinky a hodiny<\/title>\n<meta name=\"robots\" content=\"index, follow, max-snippet:-1, max-image-preview:large, max-video-preview:-1\" \/>\n<link rel=\"canonical\" href=\"https:\/\/prim.cz\/en\/osobnost\/josef-kakrda\/\" \/>\n<meta property=\"og:locale\" content=\"en_US\" \/>\n<meta property=\"og:type\" content=\"article\" \/>\n<meta property=\"og:title\" content=\"Josef Kakrda - PRIM.cz - origin\u00e1ln\u00ed \u010desk\u00e9 p\u00e1nsk\u00e9, d\u00e1msk\u00e9, d\u011btsk\u00e9 hodinky a hodiny\" \/>\n<meta property=\"og:description\" content=\"We are proud to announce that Josef Kakrda has become an ambassador for the PRIM brand \u2013 a prominent figure in Czech motorsport who combines history, courage and a tireless passion for racing. His story is an inspiration for everyone who believes that the heart of a racer knows no age. Who is Josef Kakrda? [&hellip;]\" \/>\n<meta property=\"og:url\" content=\"https:\/\/prim.cz\/en\/osobnost\/josef-kakrda\/\" \/>\n<meta property=\"og:site_name\" content=\"PRIM.cz - origin\u00e1ln\u00ed \u010desk\u00e9 p\u00e1nsk\u00e9, d\u00e1msk\u00e9, d\u011btsk\u00e9 hodinky a hodiny\" \/>\n<meta property=\"article:modified_time\" content=\"2026-03-30T06:48:18+00:00\" \/>\n<meta name=\"twitter:card\" content=\"summary_large_image\" \/>\n<meta name=\"twitter:label1\" content=\"Est. reading time\" \/>\n\t<meta name=\"twitter:data1\" content=\"1 minute\" \/>\n<script type=\"application\/ld+json\" class=\"yoast-schema-graph\">{\"@context\":\"https:\/\/schema.org\",\"@graph\":[{\"@type\":\"WebPage\",\"@id\":\"https:\/\/prim.cz\/en\/osobnost\/josef-kakrda\/\",\"url\":\"https:\/\/prim.cz\/en\/osobnost\/josef-kakrda\/\",\"name\":\"Josef Kakrda - PRIM.cz - origin\u00e1ln\u00ed \u010desk\u00e9 p\u00e1nsk\u00e9, d\u00e1msk\u00e9, d\u011btsk\u00e9 hodinky a hodiny\",\"isPartOf\":{\"@id\":\"https:\/\/prim.cz\/en\/#website\"},\"primaryImageOfPage\":{\"@id\":\"https:\/\/prim.cz\/en\/osobnost\/josef-kakrda\/#primaryimage\"},\"image\":{\"@id\":\"https:\/\/prim.cz\/en\/osobnost\/josef-kakrda\/#primaryimage\"},\"thumbnailUrl\":\"https:\/\/prim.cz\/wp-content\/uploads\/2025\/08\/Obrazek-WhatsApp-2025-07-30-v-08.53.57_c3cf46a9-1016x1024.jpg\",\"datePublished\":\"2025-03-04T07:08:21+00:00\",\"dateModified\":\"2026-03-30T06:48:18+00:00\",\"breadcrumb\":{\"@id\":\"https:\/\/prim.cz\/en\/osobnost\/josef-kakrda\/#breadcrumb\"},\"inLanguage\":\"en-US\",\"potentialAction\":[{\"@type\":\"ReadAction\",\"target\":[\"https:\/\/prim.cz\/en\/osobnost\/josef-kakrda\/\"]}]},{\"@type\":\"ImageObject\",\"inLanguage\":\"en-US\",\"@id\":\"https:\/\/prim.cz\/en\/osobnost\/josef-kakrda\/#primaryimage\",\"url\":\"https:\/\/prim.cz\/wp-content\/uploads\/2025\/08\/Obrazek-WhatsApp-2025-07-30-v-08.53.57_c3cf46a9-1016x1024.jpg\",\"contentUrl\":\"https:\/\/prim.cz\/wp-content\/uploads\/2025\/08\/Obrazek-WhatsApp-2025-07-30-v-08.53.57_c3cf46a9-1016x1024.jpg\"},{\"@type\":\"BreadcrumbList\",\"@id\":\"https:\/\/prim.cz\/en\/osobnost\/josef-kakrda\/#breadcrumb\",\"itemListElement\":[{\"@type\":\"ListItem\",\"position\":1,\"name\":\"Dom\u016f\",\"item\":\"https:\/\/prim.cz\/en\/\"},{\"@type\":\"ListItem\",\"position\":2,\"name\":\"Josef Kakrda\"}]},{\"@type\":\"WebSite\",\"@id\":\"https:\/\/prim.cz\/en\/#website\",\"url\":\"https:\/\/prim.cz\/en\/\",\"name\":\"PRIM - origin\u00e1ln\u00ed \u010desk\u00e9 p\u00e1nsk\u00e9, d\u00e1msk\u00e9, d\u011btsk\u00e9 hodinky a hodiny\",\"description\":\"Nakupujte p\u0159\u00edmo u v\u00fdrobce! Origin\u00e1ln\u00ed eshop s kompletn\u00edm sortimentem \u010desk\u00fdch hodinek PRIM.\",\"alternateName\":\"prim.cz\",\"potentialAction\":[{\"@type\":\"SearchAction\",\"target\":{\"@type\":\"EntryPoint\",\"urlTemplate\":\"https:\/\/prim.cz\/en\/?s={search_term_string}\"},\"query-input\":{\"@type\":\"PropertyValueSpecification\",\"valueRequired\":true,\"valueName\":\"search_term_string\"}}],\"inLanguage\":\"en-US\"}]}<\/script>\n<!-- \/ Yoast SEO plugin. -->","yoast_head_json":{"title":"Josef Kakrda - PRIM.cz - origin\u00e1ln\u00ed \u010desk\u00e9 p\u00e1nsk\u00e9, d\u00e1msk\u00e9, d\u011btsk\u00e9 hodinky a hodiny","robots":{"index":"index","follow":"follow","max-snippet":"max-snippet:-1","max-image-preview":"max-image-preview:large","max-video-preview":"max-video-preview:-1"},"canonical":"https:\/\/prim.cz\/en\/osobnost\/josef-kakrda\/","og_locale":"en_US","og_type":"article","og_title":"Josef Kakrda - PRIM.cz - origin\u00e1ln\u00ed \u010desk\u00e9 p\u00e1nsk\u00e9, d\u00e1msk\u00e9, d\u011btsk\u00e9 hodinky a hodiny","og_description":"We are proud to announce that Josef Kakrda has become an ambassador for the PRIM brand \u2013 a prominent figure in Czech motorsport who combines history, courage and a tireless passion for racing. His story is an inspiration for everyone who believes that the heart of a racer knows no age. Who is Josef Kakrda? [&hellip;]","og_url":"https:\/\/prim.cz\/en\/osobnost\/josef-kakrda\/","og_site_name":"PRIM.cz - origin\u00e1ln\u00ed \u010desk\u00e9 p\u00e1nsk\u00e9, d\u00e1msk\u00e9, d\u011btsk\u00e9 hodinky a hodiny","article_modified_time":"2026-03-30T06:48:18+00:00","twitter_card":"summary_large_image","twitter_misc":{"Est. reading time":"1 minute"},"schema":{"@context":"https:\/\/schema.org","@graph":[{"@type":"WebPage","@id":"https:\/\/prim.cz\/en\/osobnost\/josef-kakrda\/","url":"https:\/\/prim.cz\/en\/osobnost\/josef-kakrda\/","name":"Josef Kakrda - PRIM.cz - origin\u00e1ln\u00ed \u010desk\u00e9 p\u00e1nsk\u00e9, d\u00e1msk\u00e9, d\u011btsk\u00e9 hodinky a hodiny","isPartOf":{"@id":"https:\/\/prim.cz\/en\/#website"},"primaryImageOfPage":{"@id":"https:\/\/prim.cz\/en\/osobnost\/josef-kakrda\/#primaryimage"},"image":{"@id":"https:\/\/prim.cz\/en\/osobnost\/josef-kakrda\/#primaryimage"},"thumbnailUrl":"https:\/\/prim.cz\/wp-content\/uploads\/2025\/08\/Obrazek-WhatsApp-2025-07-30-v-08.53.57_c3cf46a9-1016x1024.jpg","datePublished":"2025-03-04T07:08:21+00:00","dateModified":"2026-03-30T06:48:18+00:00","breadcrumb":{"@id":"https:\/\/prim.cz\/en\/osobnost\/josef-kakrda\/#breadcrumb"},"inLanguage":"en-US","potentialAction":[{"@type":"ReadAction","target":["https:\/\/prim.cz\/en\/osobnost\/josef-kakrda\/"]}]},{"@type":"ImageObject","inLanguage":"en-US","@id":"https:\/\/prim.cz\/en\/osobnost\/josef-kakrda\/#primaryimage","url":"https:\/\/prim.cz\/wp-content\/uploads\/2025\/08\/Obrazek-WhatsApp-2025-07-30-v-08.53.57_c3cf46a9-1016x1024.jpg","contentUrl":"https:\/\/prim.cz\/wp-content\/uploads\/2025\/08\/Obrazek-WhatsApp-2025-07-30-v-08.53.57_c3cf46a9-1016x1024.jpg"},{"@type":"BreadcrumbList","@id":"https:\/\/prim.cz\/en\/osobnost\/josef-kakrda\/#breadcrumb","itemListElement":[{"@type":"ListItem","position":1,"name":"Dom\u016f","item":"https:\/\/prim.cz\/en\/"},{"@type":"ListItem","position":2,"name":"Josef Kakrda"}]},{"@type":"WebSite","@id":"https:\/\/prim.cz\/en\/#website","url":"https:\/\/prim.cz\/en\/","name":"PRIM - origin\u00e1ln\u00ed \u010desk\u00e9 p\u00e1nsk\u00e9, d\u00e1msk\u00e9, d\u011btsk\u00e9 hodinky a hodiny","description":"Nakupujte p\u0159\u00edmo u v\u00fdrobce! Origin\u00e1ln\u00ed eshop s kompletn\u00edm sortimentem \u010desk\u00fdch hodinek PRIM.","alternateName":"prim.cz","potentialAction":[{"@type":"SearchAction","target":{"@type":"EntryPoint","urlTemplate":"https:\/\/prim.cz\/en\/?s={search_term_string}"},"query-input":{"@type":"PropertyValueSpecification","valueRequired":true,"valueName":"search_term_string"}}],"inLanguage":"en-US"}]}},"wpml_current_locale":"en_US","wpml_translations":{"cs_CZ":{"locale":"cs_CZ","translation":false},"sk_SK":{"locale":"sk_SK","translation":false},"pl_PL":{"locale":"pl_PL","translation":false},"en_US":{"locale":"en_US","translation":"current"}},"_links":{"self":[{"href":"https:\/\/prim.cz\/en\/wp-json\/wp\/v2\/osobnost\/32288","targetHints":{"allow":["GET"]}}],"collection":[{"href":"https:\/\/prim.cz\/en\/wp-json\/wp\/v2\/osobnost"}],"about":[{"href":"https:\/\/prim.cz\/en\/wp-json\/wp\/v2\/types\/osobnost"}],"wp:attachment":[{"href":"https:\/\/prim.cz\/en\/wp-json\/wp\/v2\/media?parent=32288"}],"wp:term":[{"taxonomy":"taxonomie-pro-osobnost","embeddable":true,"href":"https:\/\/prim.cz\/en\/wp-json\/wp\/v2\/taxonomie-pro-osobnost?post=32288"}],"curies":[{"name":"wp","href":"https:\/\/api.w.org\/{rel}","templated":true}]}}

<!-- This site is optimized with the Yoast SEO plugin v26.9 - https://yoast.com/product/yoast-seo-wordpress/ -->
<title>Josef Kakrda - PRIM.cz - originální české pánské, dámské, dětské hodinky a hodiny</title>
<meta name="robots" content="index, follow, max-snippet:-1, max-image-preview:large, max-video-preview:-1" />
<link rel="canonical" href="https://prim.cz/en/osobnost/josef-kakrda/" />
<meta property="og:locale" content="en_US" />
<meta property="og:type" content="article" />
<meta property="og:title" content="Josef Kakrda - PRIM.cz - originální české pánské, dámské, dětské hodinky a hodiny" />
<meta property="og:description" content="We are proud to announce that Josef Kakrda has become an ambassador for the PRIM brand – a prominent figure in Czech motorsport who combines history, courage and a tireless passion for racing. His story is an inspiration for everyone who believes that the heart of a racer knows no age. Who is Josef Kakrda? [&hellip;]" />
<meta property="og:url" content="https://prim.cz/en/osobnost/josef-kakrda/" />
<meta property="og:site_name" content="PRIM.cz - originální české pánské, dámské, dětské hodinky a hodiny" />
<meta property="article:modified_time" content="2026-03-30T06:48:18+00:00" />
<meta name="twitter:card" content="summary_large_image" />
<meta name="twitter:label1" content="Est. reading time" />
	<meta name="twitter:data1" content="1 minute" />
<script type="application/ld+json" class="yoast-schema-graph">{"@context":"https://schema.org","@graph":[{"@type":"WebPage","@id":"https://prim.cz/en/osobnost/josef-kakrda/","url":"https://prim.cz/en/osobnost/josef-kakrda/","name":"Josef Kakrda - PRIM.cz - originální české pánské, dámské, dětské hodinky a hodiny","isPartOf":{"@id":"https://prim.cz/en/#website"},"primaryImageOfPage":{"@id":"https://prim.cz/en/osobnost/josef-kakrda/#primaryimage"},"image":{"@id":"https://prim.cz/en/osobnost/josef-kakrda/#primaryimage"},"thumbnailUrl":"https://prim.cz/wp-content/uploads/2025/08/Obrazek-WhatsApp-2025-07-30-v-08.53.57_c3cf46a9-1016x1024.jpg","datePublished":"2025-03-04T07:08:21+00:00","dateModified":"2026-03-30T06:48:18+00:00","breadcrumb":{"@id":"https://prim.cz/en/osobnost/josef-kakrda/#breadcrumb"},"inLanguage":"en-US","potentialAction":[{"@type":"ReadAction","target":["https://prim.cz/en/osobnost/josef-kakrda/"]}]},{"@type":"ImageObject","inLanguage":"en-US","@id":"https://prim.cz/en/osobnost/josef-kakrda/#primaryimage","url":"https://prim.cz/wp-content/uploads/2025/08/Obrazek-WhatsApp-2025-07-30-v-08.53.57_c3cf46a9-1016x1024.jpg","contentUrl":"https://prim.cz/wp-content/uploads/2025/08/Obrazek-WhatsApp-2025-07-30-v-08.53.57_c3cf46a9-1016x1024.jpg"},{"@type":"BreadcrumbList","@id":"https://prim.cz/en/osobnost/josef-kakrda/#breadcrumb","itemListElement":[{"@type":"ListItem","position":1,"name":"Domů","item":"https://prim.cz/en/"},{"@type":"ListItem","position":2,"name":"Josef Kakrda"}]},{"@type":"WebSite","@id":"https://prim.cz/en/#website","url":"https://prim.cz/en/","name":"PRIM - originální české pánské, dámské, dětské hodinky a hodiny","description":"Nakupujte přímo u výrobce! Originální eshop s kompletním sortimentem českých hodinek PRIM.","alternateName":"prim.cz","potentialAction":[{"@type":"SearchAction","target":{"@type":"EntryPoint","urlTemplate":"https://prim.cz/en/?s={search_term_string}"},"query-input":{"@type":"PropertyValueSpecification","valueRequired":true,"valueName":"search_term_string"}}],"inLanguage":"en-US"}]}</script>
<!-- / Yoast SEO plugin. -->

Josef Kakrda - PRIM.cz - originální české pánské, dámské, dětské hodinky a hodiny

PRIM.cz - originální české pánské, dámské, dětské hodinky a hodiny

Domů

PRIM - originální české pánské, dámské, dětské hodinky a hodiny

Nakupujte přímo u výrobce! Originální eshop s kompletním sortimentem českých hodinek PRIM.
