{"id":44400,"date":"2023-09-25T23:15:00","date_gmt":"2023-09-25T21:15:00","guid":{"rendered":"https:\/\/prim.cz\/aktualita\/czech-tour-2023-en\/"},"modified":"2026-03-16T13:06:52","modified_gmt":"2026-03-16T12:06:52","slug":"czech-tour-2023-en","status":"publish","type":"aktualita","link":"https:\/\/prim.cz\/en\/aktualita\/czech-tour-2023-en\/","title":{"rendered":"Czech Tour 2023"},"content":{"rendered":"\n<p><strong>A sensational third place in the overall standings, competing against three World Tour teams and many excellent UCI ProTeams formations, was claimed by Jakub Otruba at Czech Tour 2023. The last time Czech cycling had representation on the overall podium was in 2019, when Michael Kukrle likewise took the bronze position. &#8220;It&#8217;s perfect,&#8221; beamed the twenty-five-year-old native of Olomouc, a member of the ATT Investments roster.<\/strong><\/p>\n\n\n\n<p>&#8220;The last month has been truly magnificent. I hope this will push me forward,&#8221; Jakub Otruba rejoiced after finishing ninth in the final fourth stage.<\/p>\n\n\n\n<p>Yet shortly before the finish, he experienced first-hand the roughness of the cobblestones on the square in \u0160ternberk. &#8220;I was racing for fourth place. In the last laps, I was pedalling flat out, trying to reach the finish among the leaders. I wasn&#8217;t paying attention to who was in what position. But through my own mistake, my bike slipped on the cobblestones in the last corner. So I dropped back to the end of the top ten. In the end, that was still enough for the podium,&#8221; Otruba recounted.<\/p>\n\n\n\n<p><strong>Link to full article:&nbsp;<\/strong><a href=\"https:\/\/www.czechtour.com\/cs\/perfektni-vysledek-ve-skvele-atmosfere-rozplyval-se-bronzovy-jakub-otruba\">https:\/\/www.czechtour.com\/cs\/perfektni-vysledek-ve-skvele-atmosfere-rozplyval-se-bronzovy-jakub-otruba<\/a><\/p>\n\n\n\n<figure class=\"wp-block-gallery has-nested-images columns-default is-cropped wp-block-gallery-1 is-layout-flex wp-block-gallery-is-layout-flex\">\n<figure class=\"wp-block-image size-large\"><img loading=\"lazy\" decoding=\"async\" width=\"481\" height=\"321\" data-id=\"26019\" src=\"https:\/\/new.prim-hodinky.cz\/wp-content\/uploads\/2023\/09\/czech-tour-2023_2.webp\" alt=\"\" class=\"wp-image-26019\" srcset=\"https:\/\/prim.cz\/wp-content\/uploads\/2023\/09\/czech-tour-2023_2.webp 481w, https:\/\/prim.cz\/wp-content\/uploads\/2023\/09\/czech-tour-2023_2-300x200.webp 300w\" sizes=\"auto, (max-width: 481px) 100vw, 481px\" \/><\/figure>\n\n\n\n<figure class=\"wp-block-image size-large\"><img loading=\"lazy\" decoding=\"async\" width=\"408\" height=\"306\" data-id=\"26018\" src=\"https:\/\/new.prim-hodinky.cz\/wp-content\/uploads\/2023\/09\/Czech-tour-2023_1.webp\" alt=\"\" class=\"wp-image-26018\" srcset=\"https:\/\/prim.cz\/wp-content\/uploads\/2023\/09\/Czech-tour-2023_1.webp 408w, https:\/\/prim.cz\/wp-content\/uploads\/2023\/09\/Czech-tour-2023_1-300x225.webp 300w\" sizes=\"auto, (max-width: 408px) 100vw, 408px\" \/><\/figure>\n\n\n\n<figure class=\"wp-block-image size-large\"><img loading=\"lazy\" decoding=\"async\" width=\"819\" height=\"1024\" data-id=\"26020\" src=\"https:\/\/new.prim-hodinky.cz\/wp-content\/uploads\/2023\/09\/otruba-jakub-819x1024-1.webp\" alt=\"\" class=\"wp-image-26020\" srcset=\"https:\/\/prim.cz\/wp-content\/uploads\/2023\/09\/otruba-jakub-819x1024-1.webp 819w, https:\/\/prim.cz\/wp-content\/uploads\/2023\/09\/otruba-jakub-819x1024-1-240x300.webp 240w, https:\/\/prim.cz\/wp-content\/uploads\/2023\/09\/otruba-jakub-819x1024-1-768x960.webp 768w\" sizes=\"auto, (max-width: 819px) 100vw, 819px\" \/><\/figure>\n<\/figure>\n","protected":false},"featured_media":0,"template":"","meta":{"_acf_changed":false,"_link_to_original":""},"class_list":["post-44400","aktualita","type-aktualita","status-publish","hentry"],"acf":[],"yoast_head":"<!-- This site is optimized with the Yoast SEO plugin v26.9 - https:\/\/yoast.com\/product\/yoast-seo-wordpress\/ -->\n<title>Czech Tour 2023 - PRIM.cz - origin\u00e1ln\u00ed \u010desk\u00e9 p\u00e1nsk\u00e9, d\u00e1msk\u00e9, d\u011btsk\u00e9 hodinky a hodiny<\/title>\n<meta name=\"robots\" content=\"index, follow, max-snippet:-1, max-image-preview:large, max-video-preview:-1\" \/>\n<link rel=\"canonical\" href=\"https:\/\/prim.cz\/en\/aktualita\/czech-tour-2023-en\/\" \/>\n<meta property=\"og:locale\" content=\"en_US\" \/>\n<meta property=\"og:type\" content=\"article\" \/>\n<meta property=\"og:title\" content=\"Czech Tour 2023 - PRIM.cz - origin\u00e1ln\u00ed \u010desk\u00e9 p\u00e1nsk\u00e9, d\u00e1msk\u00e9, d\u011btsk\u00e9 hodinky a hodiny\" \/>\n<meta property=\"og:description\" content=\"A sensational third place in the overall standings, competing against three World Tour teams and many excellent UCI ProTeams formations, was claimed by Jakub Otruba at Czech Tour 2023. The last time Czech cycling had representation on the overall podium was in 2019, when Michael Kukrle likewise took the bronze position. &#8220;It&#8217;s perfect,&#8221; beamed the [&hellip;]\" \/>\n<meta property=\"og:url\" content=\"https:\/\/prim.cz\/en\/aktualita\/czech-tour-2023-en\/\" \/>\n<meta property=\"og:site_name\" content=\"PRIM.cz - origin\u00e1ln\u00ed \u010desk\u00e9 p\u00e1nsk\u00e9, d\u00e1msk\u00e9, d\u011btsk\u00e9 hodinky a hodiny\" \/>\n<meta property=\"article:modified_time\" content=\"2026-03-16T12:06:52+00:00\" \/>\n<meta property=\"og:image\" content=\"https:\/\/prim.cz\/wp-content\/uploads\/2023\/09\/czech-tour-2023_2.webp\" \/>\n\t<meta property=\"og:image:width\" content=\"481\" \/>\n\t<meta property=\"og:image:height\" content=\"321\" \/>\n\t<meta property=\"og:image:type\" content=\"image\/webp\" \/>\n<meta name=\"twitter:card\" content=\"summary_large_image\" \/>\n<meta name=\"twitter:label1\" content=\"Est. reading time\" \/>\n\t<meta name=\"twitter:data1\" content=\"1 minute\" \/>\n<script type=\"application\/ld+json\" class=\"yoast-schema-graph\">{\"@context\":\"https:\/\/schema.org\",\"@graph\":[{\"@type\":\"WebPage\",\"@id\":\"https:\/\/prim.cz\/en\/aktualita\/czech-tour-2023-en\/\",\"url\":\"https:\/\/prim.cz\/en\/aktualita\/czech-tour-2023-en\/\",\"name\":\"Czech Tour 2023 - PRIM.cz - origin\u00e1ln\u00ed \u010desk\u00e9 p\u00e1nsk\u00e9, d\u00e1msk\u00e9, d\u011btsk\u00e9 hodinky a hodiny\",\"isPartOf\":{\"@id\":\"https:\/\/prim.cz\/en\/#website\"},\"primaryImageOfPage\":{\"@id\":\"https:\/\/prim.cz\/en\/aktualita\/czech-tour-2023-en\/#primaryimage\"},\"image\":{\"@id\":\"https:\/\/prim.cz\/en\/aktualita\/czech-tour-2023-en\/#primaryimage\"},\"thumbnailUrl\":\"https:\/\/new.prim-hodinky.cz\/wp-content\/uploads\/2023\/09\/czech-tour-2023_2.webp\",\"datePublished\":\"2023-09-25T21:15:00+00:00\",\"dateModified\":\"2026-03-16T12:06:52+00:00\",\"breadcrumb\":{\"@id\":\"https:\/\/prim.cz\/en\/aktualita\/czech-tour-2023-en\/#breadcrumb\"},\"inLanguage\":\"en-US\",\"potentialAction\":[{\"@type\":\"ReadAction\",\"target\":[\"https:\/\/prim.cz\/en\/aktualita\/czech-tour-2023-en\/\"]}]},{\"@type\":\"ImageObject\",\"inLanguage\":\"en-US\",\"@id\":\"https:\/\/prim.cz\/en\/aktualita\/czech-tour-2023-en\/#primaryimage\",\"url\":\"https:\/\/new.prim-hodinky.cz\/wp-content\/uploads\/2023\/09\/czech-tour-2023_2.webp\",\"contentUrl\":\"https:\/\/new.prim-hodinky.cz\/wp-content\/uploads\/2023\/09\/czech-tour-2023_2.webp\"},{\"@type\":\"BreadcrumbList\",\"@id\":\"https:\/\/prim.cz\/en\/aktualita\/czech-tour-2023-en\/#breadcrumb\",\"itemListElement\":[{\"@type\":\"ListItem\",\"position\":1,\"name\":\"Dom\u016f\",\"item\":\"https:\/\/prim.cz\/en\/\"},{\"@type\":\"ListItem\",\"position\":2,\"name\":\"Czech Tour 2023\"}]},{\"@type\":\"WebSite\",\"@id\":\"https:\/\/prim.cz\/en\/#website\",\"url\":\"https:\/\/prim.cz\/en\/\",\"name\":\"PRIM - origin\u00e1ln\u00ed \u010desk\u00e9 p\u00e1nsk\u00e9, d\u00e1msk\u00e9, d\u011btsk\u00e9 hodinky a hodiny\",\"description\":\"Nakupujte p\u0159\u00edmo u v\u00fdrobce! Origin\u00e1ln\u00ed eshop s kompletn\u00edm sortimentem \u010desk\u00fdch hodinek PRIM.\",\"alternateName\":\"prim.cz\",\"potentialAction\":[{\"@type\":\"SearchAction\",\"target\":{\"@type\":\"EntryPoint\",\"urlTemplate\":\"https:\/\/prim.cz\/en\/?s={search_term_string}\"},\"query-input\":{\"@type\":\"PropertyValueSpecification\",\"valueRequired\":true,\"valueName\":\"search_term_string\"}}],\"inLanguage\":\"en-US\"}]}<\/script>\n<!-- \/ Yoast SEO plugin. -->","yoast_head_json":{"title":"Czech Tour 2023 - PRIM.cz - origin\u00e1ln\u00ed \u010desk\u00e9 p\u00e1nsk\u00e9, d\u00e1msk\u00e9, d\u011btsk\u00e9 hodinky a hodiny","robots":{"index":"index","follow":"follow","max-snippet":"max-snippet:-1","max-image-preview":"max-image-preview:large","max-video-preview":"max-video-preview:-1"},"canonical":"https:\/\/prim.cz\/en\/aktualita\/czech-tour-2023-en\/","og_locale":"en_US","og_type":"article","og_title":"Czech Tour 2023 - PRIM.cz - origin\u00e1ln\u00ed \u010desk\u00e9 p\u00e1nsk\u00e9, d\u00e1msk\u00e9, d\u011btsk\u00e9 hodinky a hodiny","og_description":"A sensational third place in the overall standings, competing against three World Tour teams and many excellent UCI ProTeams formations, was claimed by Jakub Otruba at Czech Tour 2023. The last time Czech cycling had representation on the overall podium was in 2019, when Michael Kukrle likewise took the bronze position. &#8220;It&#8217;s perfect,&#8221; beamed the [&hellip;]","og_url":"https:\/\/prim.cz\/en\/aktualita\/czech-tour-2023-en\/","og_site_name":"PRIM.cz - origin\u00e1ln\u00ed \u010desk\u00e9 p\u00e1nsk\u00e9, d\u00e1msk\u00e9, d\u011btsk\u00e9 hodinky a hodiny","article_modified_time":"2026-03-16T12:06:52+00:00","og_image":[{"width":481,"height":321,"url":"https:\/\/prim.cz\/wp-content\/uploads\/2023\/09\/czech-tour-2023_2.webp","type":"image\/webp"}],"twitter_card":"summary_large_image","twitter_misc":{"Est. reading time":"1 minute"},"schema":{"@context":"https:\/\/schema.org","@graph":[{"@type":"WebPage","@id":"https:\/\/prim.cz\/en\/aktualita\/czech-tour-2023-en\/","url":"https:\/\/prim.cz\/en\/aktualita\/czech-tour-2023-en\/","name":"Czech Tour 2023 - PRIM.cz - origin\u00e1ln\u00ed \u010desk\u00e9 p\u00e1nsk\u00e9, d\u00e1msk\u00e9, d\u011btsk\u00e9 hodinky a hodiny","isPartOf":{"@id":"https:\/\/prim.cz\/en\/#website"},"primaryImageOfPage":{"@id":"https:\/\/prim.cz\/en\/aktualita\/czech-tour-2023-en\/#primaryimage"},"image":{"@id":"https:\/\/prim.cz\/en\/aktualita\/czech-tour-2023-en\/#primaryimage"},"thumbnailUrl":"https:\/\/new.prim-hodinky.cz\/wp-content\/uploads\/2023\/09\/czech-tour-2023_2.webp","datePublished":"2023-09-25T21:15:00+00:00","dateModified":"2026-03-16T12:06:52+00:00","breadcrumb":{"@id":"https:\/\/prim.cz\/en\/aktualita\/czech-tour-2023-en\/#breadcrumb"},"inLanguage":"en-US","potentialAction":[{"@type":"ReadAction","target":["https:\/\/prim.cz\/en\/aktualita\/czech-tour-2023-en\/"]}]},{"@type":"ImageObject","inLanguage":"en-US","@id":"https:\/\/prim.cz\/en\/aktualita\/czech-tour-2023-en\/#primaryimage","url":"https:\/\/new.prim-hodinky.cz\/wp-content\/uploads\/2023\/09\/czech-tour-2023_2.webp","contentUrl":"https:\/\/new.prim-hodinky.cz\/wp-content\/uploads\/2023\/09\/czech-tour-2023_2.webp"},{"@type":"BreadcrumbList","@id":"https:\/\/prim.cz\/en\/aktualita\/czech-tour-2023-en\/#breadcrumb","itemListElement":[{"@type":"ListItem","position":1,"name":"Dom\u016f","item":"https:\/\/prim.cz\/en\/"},{"@type":"ListItem","position":2,"name":"Czech Tour 2023"}]},{"@type":"WebSite","@id":"https:\/\/prim.cz\/en\/#website","url":"https:\/\/prim.cz\/en\/","name":"PRIM - origin\u00e1ln\u00ed \u010desk\u00e9 p\u00e1nsk\u00e9, d\u00e1msk\u00e9, d\u011btsk\u00e9 hodinky a hodiny","description":"Nakupujte p\u0159\u00edmo u v\u00fdrobce! Origin\u00e1ln\u00ed eshop s kompletn\u00edm sortimentem \u010desk\u00fdch hodinek PRIM.","alternateName":"prim.cz","potentialAction":[{"@type":"SearchAction","target":{"@type":"EntryPoint","urlTemplate":"https:\/\/prim.cz\/en\/?s={search_term_string}"},"query-input":{"@type":"PropertyValueSpecification","valueRequired":true,"valueName":"search_term_string"}}],"inLanguage":"en-US"}]}},"wpml_current_locale":"en_US","wpml_translations":{"cs_CZ":{"locale":"cs_CZ","id":11473,"slug":"czech-tour-2023","post_title":"Czech tour 2023","href":"https:\/\/prim.cz\/aktualita\/czech-tour-2023\/"},"sk_SK":{"locale":"sk_SK","id":44406,"slug":"czech-tour-2023-sk","post_title":"Czech Tour 2023","href":"https:\/\/prim.cz\/sk\/aktualita\/czech-tour-2023-sk\/"},"pl_PL":{"locale":"pl_PL","id":44412,"slug":"czech-tour-2023-pl","post_title":"Czech Tour 2023","href":"https:\/\/prim.cz\/pl\/aktualita\/czech-tour-2023-pl\/"},"en_US":{"locale":"en_US","translation":"current"}},"_links":{"self":[{"href":"https:\/\/prim.cz\/en\/wp-json\/wp\/v2\/aktualita\/44400","targetHints":{"allow":["GET"]}}],"collection":[{"href":"https:\/\/prim.cz\/en\/wp-json\/wp\/v2\/aktualita"}],"about":[{"href":"https:\/\/prim.cz\/en\/wp-json\/wp\/v2\/types\/aktualita"}],"wp:attachment":[{"href":"https:\/\/prim.cz\/en\/wp-json\/wp\/v2\/media?parent=44400"}],"curies":[{"name":"wp","href":"https:\/\/api.w.org\/{rel}","templated":true}]}}

<p><strong>A sensational third place in the overall standings, competing against three World Tour teams and many excellent UCI ProTeams formations, was claimed by Jakub Otruba at Czech Tour 2023. The last time Czech cycling had representation on the overall podium was in 2019, when Michael Kukrle likewise took the bronze position. &#8220;It&#8217;s perfect,&#8221; beamed the twenty-five-year-old native of Olomouc, a member of the ATT Investments roster.</strong></p>



<p>&#8220;The last month has been truly magnificent. I hope this will push me forward,&#8221; Jakub Otruba rejoiced after finishing ninth in the final fourth stage.</p>



<p>Yet shortly before the finish, he experienced first-hand the roughness of the cobblestones on the square in Šternberk. &#8220;I was racing for fourth place. In the last laps, I was pedalling flat out, trying to reach the finish among the leaders. I wasn&#8217;t paying attention to who was in what position. But through my own mistake, my bike slipped on the cobblestones in the last corner. So I dropped back to the end of the top ten. In the end, that was still enough for the podium,&#8221; Otruba recounted.</p>



<p><strong>Link to full article:&nbsp;</strong><a href="https://www.czechtour.com/cs/perfektni-vysledek-ve-skvele-atmosfere-rozplyval-se-bronzovy-jakub-otruba">https://www.czechtour.com/cs/perfektni-vysledek-ve-skvele-atmosfere-rozplyval-se-bronzovy-jakub-otruba</a></p>



<figure class="wp-block-gallery has-nested-images columns-default is-cropped wp-block-gallery-1 is-layout-flex wp-block-gallery-is-layout-flex">
<figure class="wp-block-image size-large"><img loading="lazy" decoding="async" width="481" height="321" data-id="26019" src="https://new.prim-hodinky.cz/wp-content/uploads/2023/09/czech-tour-2023_2.webp" alt="" class="wp-image-26019" srcset="https://prim.cz/wp-content/uploads/2023/09/czech-tour-2023_2.webp 481w, https://prim.cz/wp-content/uploads/2023/09/czech-tour-2023_2-300x200.webp 300w" sizes="auto, (max-width: 481px) 100vw, 481px" /></figure>



<figure class="wp-block-image size-large"><img loading="lazy" decoding="async" width="408" height="306" data-id="26018" src="https://new.prim-hodinky.cz/wp-content/uploads/2023/09/Czech-tour-2023_1.webp" alt="" class="wp-image-26018" srcset="https://prim.cz/wp-content/uploads/2023/09/Czech-tour-2023_1.webp 408w, https://prim.cz/wp-content/uploads/2023/09/Czech-tour-2023_1-300x225.webp 300w" sizes="auto, (max-width: 408px) 100vw, 408px" /></figure>



<figure class="wp-block-image size-large"><img loading="lazy" decoding="async" width="819" height="1024" data-id="26020" src="https://new.prim-hodinky.cz/wp-content/uploads/2023/09/otruba-jakub-819x1024-1.webp" alt="" class="wp-image-26020" srcset="https://prim.cz/wp-content/uploads/2023/09/otruba-jakub-819x1024-1.webp 819w, https://prim.cz/wp-content/uploads/2023/09/otruba-jakub-819x1024-1-240x300.webp 240w, https://prim.cz/wp-content/uploads/2023/09/otruba-jakub-819x1024-1-768x960.webp 768w" sizes="auto, (max-width: 819px) 100vw, 819px" /></figure>
</figure>

<!-- This site is optimized with the Yoast SEO plugin v26.9 - https://yoast.com/product/yoast-seo-wordpress/ -->
<title>Czech Tour 2023 - PRIM.cz - originální české pánské, dámské, dětské hodinky a hodiny</title>
<meta name="robots" content="index, follow, max-snippet:-1, max-image-preview:large, max-video-preview:-1" />
<link rel="canonical" href="https://prim.cz/en/aktualita/czech-tour-2023-en/" />
<meta property="og:locale" content="en_US" />
<meta property="og:type" content="article" />
<meta property="og:title" content="Czech Tour 2023 - PRIM.cz - originální české pánské, dámské, dětské hodinky a hodiny" />
<meta property="og:description" content="A sensational third place in the overall standings, competing against three World Tour teams and many excellent UCI ProTeams formations, was claimed by Jakub Otruba at Czech Tour 2023. The last time Czech cycling had representation on the overall podium was in 2019, when Michael Kukrle likewise took the bronze position. &#8220;It&#8217;s perfect,&#8221; beamed the [&hellip;]" />
<meta property="og:url" content="https://prim.cz/en/aktualita/czech-tour-2023-en/" />
<meta property="og:site_name" content="PRIM.cz - originální české pánské, dámské, dětské hodinky a hodiny" />
<meta property="article:modified_time" content="2026-03-16T12:06:52+00:00" />
<meta property="og:image" content="https://prim.cz/wp-content/uploads/2023/09/czech-tour-2023_2.webp" />
	<meta property="og:image:width" content="481" />
	<meta property="og:image:height" content="321" />
	<meta property="og:image:type" content="image/webp" />
<meta name="twitter:card" content="summary_large_image" />
<meta name="twitter:label1" content="Est. reading time" />
	<meta name="twitter:data1" content="1 minute" />
<script type="application/ld+json" class="yoast-schema-graph">{"@context":"https://schema.org","@graph":[{"@type":"WebPage","@id":"https://prim.cz/en/aktualita/czech-tour-2023-en/","url":"https://prim.cz/en/aktualita/czech-tour-2023-en/","name":"Czech Tour 2023 - PRIM.cz - originální české pánské, dámské, dětské hodinky a hodiny","isPartOf":{"@id":"https://prim.cz/en/#website"},"primaryImageOfPage":{"@id":"https://prim.cz/en/aktualita/czech-tour-2023-en/#primaryimage"},"image":{"@id":"https://prim.cz/en/aktualita/czech-tour-2023-en/#primaryimage"},"thumbnailUrl":"https://new.prim-hodinky.cz/wp-content/uploads/2023/09/czech-tour-2023_2.webp","datePublished":"2023-09-25T21:15:00+00:00","dateModified":"2026-03-16T12:06:52+00:00","breadcrumb":{"@id":"https://prim.cz/en/aktualita/czech-tour-2023-en/#breadcrumb"},"inLanguage":"en-US","potentialAction":[{"@type":"ReadAction","target":["https://prim.cz/en/aktualita/czech-tour-2023-en/"]}]},{"@type":"ImageObject","inLanguage":"en-US","@id":"https://prim.cz/en/aktualita/czech-tour-2023-en/#primaryimage","url":"https://new.prim-hodinky.cz/wp-content/uploads/2023/09/czech-tour-2023_2.webp","contentUrl":"https://new.prim-hodinky.cz/wp-content/uploads/2023/09/czech-tour-2023_2.webp"},{"@type":"BreadcrumbList","@id":"https://prim.cz/en/aktualita/czech-tour-2023-en/#breadcrumb","itemListElement":[{"@type":"ListItem","position":1,"name":"Domů","item":"https://prim.cz/en/"},{"@type":"ListItem","position":2,"name":"Czech Tour 2023"}]},{"@type":"WebSite","@id":"https://prim.cz/en/#website","url":"https://prim.cz/en/","name":"PRIM - originální české pánské, dámské, dětské hodinky a hodiny","description":"Nakupujte přímo u výrobce! Originální eshop s kompletním sortimentem českých hodinek PRIM.","alternateName":"prim.cz","potentialAction":[{"@type":"SearchAction","target":{"@type":"EntryPoint","urlTemplate":"https://prim.cz/en/?s={search_term_string}"},"query-input":{"@type":"PropertyValueSpecification","valueRequired":true,"valueName":"search_term_string"}}],"inLanguage":"en-US"}]}</script>
<!-- / Yoast SEO plugin. -->

Czech Tour 2023 - PRIM.cz - originální české pánské, dámské, dětské hodinky a hodiny

PRIM.cz - originální české pánské, dámské, dětské hodinky a hodiny

Domů

PRIM - originální české pánské, dámské, dětské hodinky a hodiny

Nakupujte přímo u výrobce! Originální eshop s kompletním sortimentem českých hodinek PRIM.
