{"id":28627,"date":"2019-05-21T10:29:00","date_gmt":"2019-05-21T09:29:00","guid":{"rendered":"https:\/\/new.prim-hodinky.cz\/?post_type=aktualita&#038;p=28627"},"modified":"2025-12-18T14:08:05","modified_gmt":"2025-12-18T13:08:05","slug":"tomas-ourednicek-osobnost-roku","status":"publish","type":"aktualita","link":"https:\/\/prim.cz\/en\/aktualita\/tomas-ourednicek-osobnost-roku\/","title":{"rendered":"Tom\u00e1\u0161 Ou\u0159edn\u00ed\u010dek \u2013 osobnost roku"},"content":{"rendered":"\n<p><strong>Tom\u00e1\u0161 Ou\u0159edn\u00ed\u010dek \u2013 osobnost roku<\/strong><\/p>\n\n\n\n<p><strong>V\u00fdznamn\u00e9ho ocen\u011bn\u00ed se o uplynul\u00e9m v\u00edkendu do\u010dkal dakarsk\u00fd z\u00e1vodn\u00edk Tom\u00e1\u0161 Ou\u0159edn\u00ed\u010dek. Z rukou \u0159editele motoristick\u00e9 v\u00fdstavy LEGENDY 2019 Lubora Kose p\u0159evzal presti\u017en\u00ed ocen\u011bn\u00ed OSOBNOST ROKU 2019.<\/strong><\/p>\n\n\n\n<p>V\u00fdstava&nbsp;<strong>Legendy<\/strong>&nbsp;se ji\u017e po\u0161est\u00e9 konala v Praze, zahajovac\u00ed den pat\u0159il mimo jin\u00e9 ocen\u011bn\u00ed nejv\u00fdznamn\u011bj\u0161\u00edch expon\u00e1t\u016f a expozic.&nbsp;<em>\u201eKdy\u017e mne po\u0159adatel\u00e9 pozvali na p\u00f3dium, za\u010d\u00ednal jsem cosi tu\u0161it. A po ocen\u011bn\u00ed nejkr\u00e1sn\u011bj\u0161\u00edch automobil\u016f a expozic jsem najednou sly\u0161el svoje jm\u00e9no. Je to nepopsateln\u00e1 pocta a n\u00e1dhern\u00e1 odm\u011bna za na\u0161e velk\u00e9 celoro\u010dn\u00ed nasazen\u00ed a \u00fasp\u011bchy a samoz\u0159ejm\u011b tak\u00e9 velk\u00e1 motivace do dal\u0161\u00edho z\u00e1vod\u011bn\u00ed. D\u011bkuji po\u0159adatel\u016fm za toto kr\u00e1sn\u00e9 ocen\u011bn\u00ed a za perfektn\u00ed organizaci unik\u00e1tn\u00ed v\u00fdstavy Legendy,\u201c<\/em>&nbsp;komentoval slavnostn\u00ed chv\u00edle p\u0159ekvapen\u00fd Tom\u00e1\u0161 Ou\u0159edn\u00ed\u010dek.<\/p>\n\n\n\n<p>Tom\u00e1\u0161 Ou\u0159edn\u00ed\u010dek je \u0161estin\u00e1sobn\u00fdm \u00fa\u010dastn\u00edkem dakarsk\u00e9 rally, v leto\u0161n\u00edm ro\u010dn\u00edku se s Fordem Raptor um\u00edstil na sedmn\u00e1ct\u00e9m m\u00edst\u011b mezi automobily. Leto\u0161n\u00ed sezonu ji\u017e odstartoval op\u011bt ve voze Ford Ranger v barv\u00e1ch st\u00e1je South Racing CE a spolu se sv\u00fdm navig\u00e1torem Davidem K\u0159\u00edpalem \u00fasp\u011b\u0161n\u011b dokon\u010dil i druh\u00fd nejv\u011bt\u0161\u00ed z\u00e1vod sv\u011bta Morocco Desert Challenge 2019. T\u00fdm ji\u017e zah\u00e1jil jedn\u00e1n\u00ed s partnery o \u00fa\u010dasti na Rally Dakar 2020 v Sa\u00fadsk\u00e9 Ar\u00e1bii.<\/p>\n\n\n\n<p>Zdroj:&nbsp;<a href=\"http:\/\/www.tomasourednicek.cz\/novinky\/tomas-ourednicek-osobnost-roku\/\" target=\"_blank\" rel=\"noreferrer noopener\">www.tomasourednicek.cz<\/a><\/p>\n\n\n\n<p><\/p>\n\n\n\n<p><\/p>\n\n\n\n<p><\/p>\n","protected":false},"featured_media":0,"template":"","meta":{"_acf_changed":true,"_link_to_original":""},"class_list":["post-28627","aktualita","type-aktualita","status-publish","hentry"],"acf":[],"yoast_head":"<!-- This site is optimized with the Yoast SEO plugin v26.9 - https:\/\/yoast.com\/product\/yoast-seo-wordpress\/ -->\n<title>Tom\u00e1\u0161 Ou\u0159edn\u00ed\u010dek \u2013 osobnost roku - PRIM.cz - origin\u00e1ln\u00ed \u010desk\u00e9 p\u00e1nsk\u00e9, d\u00e1msk\u00e9, d\u011btsk\u00e9 hodinky a hodiny<\/title>\n<meta name=\"robots\" content=\"index, follow, max-snippet:-1, max-image-preview:large, max-video-preview:-1\" \/>\n<link rel=\"canonical\" href=\"https:\/\/prim.cz\/aktualita\/tomas-ourednicek-osobnost-roku\/\" \/>\n<meta property=\"og:locale\" content=\"en_US\" \/>\n<meta property=\"og:type\" content=\"article\" \/>\n<meta property=\"og:title\" content=\"Tom\u00e1\u0161 Ou\u0159edn\u00ed\u010dek \u2013 osobnost roku - PRIM.cz - origin\u00e1ln\u00ed \u010desk\u00e9 p\u00e1nsk\u00e9, d\u00e1msk\u00e9, d\u011btsk\u00e9 hodinky a hodiny\" \/>\n<meta property=\"og:description\" content=\"Tom\u00e1\u0161 Ou\u0159edn\u00ed\u010dek \u2013 osobnost roku V\u00fdznamn\u00e9ho ocen\u011bn\u00ed se o uplynul\u00e9m v\u00edkendu do\u010dkal dakarsk\u00fd z\u00e1vodn\u00edk Tom\u00e1\u0161 Ou\u0159edn\u00ed\u010dek. Z rukou \u0159editele motoristick\u00e9 v\u00fdstavy LEGENDY 2019 Lubora Kose p\u0159evzal presti\u017en\u00ed ocen\u011bn\u00ed OSOBNOST ROKU 2019. V\u00fdstava&nbsp;Legendy&nbsp;se ji\u017e po\u0161est\u00e9 konala v Praze, zahajovac\u00ed den pat\u0159il mimo jin\u00e9 ocen\u011bn\u00ed nejv\u00fdznamn\u011bj\u0161\u00edch expon\u00e1t\u016f a expozic.&nbsp;\u201eKdy\u017e mne po\u0159adatel\u00e9 pozvali na p\u00f3dium, za\u010d\u00ednal jsem cosi [&hellip;]\" \/>\n<meta property=\"og:url\" content=\"https:\/\/prim.cz\/aktualita\/tomas-ourednicek-osobnost-roku\/\" \/>\n<meta property=\"og:site_name\" content=\"PRIM.cz - origin\u00e1ln\u00ed \u010desk\u00e9 p\u00e1nsk\u00e9, d\u00e1msk\u00e9, d\u011btsk\u00e9 hodinky a hodiny\" \/>\n<meta property=\"article:modified_time\" content=\"2025-12-18T13:08:05+00:00\" \/>\n<meta name=\"twitter:card\" content=\"summary_large_image\" \/>\n<script type=\"application\/ld+json\" class=\"yoast-schema-graph\">{\"@context\":\"https:\/\/schema.org\",\"@graph\":[{\"@type\":\"WebPage\",\"@id\":\"https:\/\/prim.cz\/aktualita\/tomas-ourednicek-osobnost-roku\/\",\"url\":\"https:\/\/prim.cz\/aktualita\/tomas-ourednicek-osobnost-roku\/\",\"name\":\"Tom\u00e1\u0161 Ou\u0159edn\u00ed\u010dek \u2013 osobnost roku - PRIM.cz - origin\u00e1ln\u00ed \u010desk\u00e9 p\u00e1nsk\u00e9, d\u00e1msk\u00e9, d\u011btsk\u00e9 hodinky a hodiny\",\"isPartOf\":{\"@id\":\"https:\/\/prim.cz\/en\/#website\"},\"datePublished\":\"2019-05-21T09:29:00+00:00\",\"dateModified\":\"2025-12-18T13:08:05+00:00\",\"breadcrumb\":{\"@id\":\"https:\/\/prim.cz\/aktualita\/tomas-ourednicek-osobnost-roku\/#breadcrumb\"},\"inLanguage\":\"en-US\",\"potentialAction\":[{\"@type\":\"ReadAction\",\"target\":[\"https:\/\/prim.cz\/aktualita\/tomas-ourednicek-osobnost-roku\/\"]}]},{\"@type\":\"BreadcrumbList\",\"@id\":\"https:\/\/prim.cz\/aktualita\/tomas-ourednicek-osobnost-roku\/#breadcrumb\",\"itemListElement\":[{\"@type\":\"ListItem\",\"position\":1,\"name\":\"Dom\u016f\",\"item\":\"https:\/\/prim.cz\/en\/\"},{\"@type\":\"ListItem\",\"position\":2,\"name\":\"Tom\u00e1\u0161 Ou\u0159edn\u00ed\u010dek \u2013 osobnost roku\"}]},{\"@type\":\"WebSite\",\"@id\":\"https:\/\/prim.cz\/en\/#website\",\"url\":\"https:\/\/prim.cz\/en\/\",\"name\":\"PRIM - origin\u00e1ln\u00ed \u010desk\u00e9 p\u00e1nsk\u00e9, d\u00e1msk\u00e9, d\u011btsk\u00e9 hodinky a hodiny\",\"description\":\"Nakupujte p\u0159\u00edmo u v\u00fdrobce! Origin\u00e1ln\u00ed eshop s kompletn\u00edm sortimentem \u010desk\u00fdch hodinek PRIM.\",\"alternateName\":\"prim.cz\",\"potentialAction\":[{\"@type\":\"SearchAction\",\"target\":{\"@type\":\"EntryPoint\",\"urlTemplate\":\"https:\/\/prim.cz\/en\/?s={search_term_string}\"},\"query-input\":{\"@type\":\"PropertyValueSpecification\",\"valueRequired\":true,\"valueName\":\"search_term_string\"}}],\"inLanguage\":\"en-US\"}]}<\/script>\n<!-- \/ Yoast SEO plugin. -->","yoast_head_json":{"title":"Tom\u00e1\u0161 Ou\u0159edn\u00ed\u010dek \u2013 osobnost roku - PRIM.cz - origin\u00e1ln\u00ed \u010desk\u00e9 p\u00e1nsk\u00e9, d\u00e1msk\u00e9, d\u011btsk\u00e9 hodinky a hodiny","robots":{"index":"index","follow":"follow","max-snippet":"max-snippet:-1","max-image-preview":"max-image-preview:large","max-video-preview":"max-video-preview:-1"},"canonical":"https:\/\/prim.cz\/aktualita\/tomas-ourednicek-osobnost-roku\/","og_locale":"en_US","og_type":"article","og_title":"Tom\u00e1\u0161 Ou\u0159edn\u00ed\u010dek \u2013 osobnost roku - PRIM.cz - origin\u00e1ln\u00ed \u010desk\u00e9 p\u00e1nsk\u00e9, d\u00e1msk\u00e9, d\u011btsk\u00e9 hodinky a hodiny","og_description":"Tom\u00e1\u0161 Ou\u0159edn\u00ed\u010dek \u2013 osobnost roku V\u00fdznamn\u00e9ho ocen\u011bn\u00ed se o uplynul\u00e9m v\u00edkendu do\u010dkal dakarsk\u00fd z\u00e1vodn\u00edk Tom\u00e1\u0161 Ou\u0159edn\u00ed\u010dek. Z rukou \u0159editele motoristick\u00e9 v\u00fdstavy LEGENDY 2019 Lubora Kose p\u0159evzal presti\u017en\u00ed ocen\u011bn\u00ed OSOBNOST ROKU 2019. V\u00fdstava&nbsp;Legendy&nbsp;se ji\u017e po\u0161est\u00e9 konala v Praze, zahajovac\u00ed den pat\u0159il mimo jin\u00e9 ocen\u011bn\u00ed nejv\u00fdznamn\u011bj\u0161\u00edch expon\u00e1t\u016f a expozic.&nbsp;\u201eKdy\u017e mne po\u0159adatel\u00e9 pozvali na p\u00f3dium, za\u010d\u00ednal jsem cosi [&hellip;]","og_url":"https:\/\/prim.cz\/aktualita\/tomas-ourednicek-osobnost-roku\/","og_site_name":"PRIM.cz - origin\u00e1ln\u00ed \u010desk\u00e9 p\u00e1nsk\u00e9, d\u00e1msk\u00e9, d\u011btsk\u00e9 hodinky a hodiny","article_modified_time":"2025-12-18T13:08:05+00:00","twitter_card":"summary_large_image","schema":{"@context":"https:\/\/schema.org","@graph":[{"@type":"WebPage","@id":"https:\/\/prim.cz\/aktualita\/tomas-ourednicek-osobnost-roku\/","url":"https:\/\/prim.cz\/aktualita\/tomas-ourednicek-osobnost-roku\/","name":"Tom\u00e1\u0161 Ou\u0159edn\u00ed\u010dek \u2013 osobnost roku - PRIM.cz - origin\u00e1ln\u00ed \u010desk\u00e9 p\u00e1nsk\u00e9, d\u00e1msk\u00e9, d\u011btsk\u00e9 hodinky a hodiny","isPartOf":{"@id":"https:\/\/prim.cz\/en\/#website"},"datePublished":"2019-05-21T09:29:00+00:00","dateModified":"2025-12-18T13:08:05+00:00","breadcrumb":{"@id":"https:\/\/prim.cz\/aktualita\/tomas-ourednicek-osobnost-roku\/#breadcrumb"},"inLanguage":"en-US","potentialAction":[{"@type":"ReadAction","target":["https:\/\/prim.cz\/aktualita\/tomas-ourednicek-osobnost-roku\/"]}]},{"@type":"BreadcrumbList","@id":"https:\/\/prim.cz\/aktualita\/tomas-ourednicek-osobnost-roku\/#breadcrumb","itemListElement":[{"@type":"ListItem","position":1,"name":"Dom\u016f","item":"https:\/\/prim.cz\/en\/"},{"@type":"ListItem","position":2,"name":"Tom\u00e1\u0161 Ou\u0159edn\u00ed\u010dek \u2013 osobnost roku"}]},{"@type":"WebSite","@id":"https:\/\/prim.cz\/en\/#website","url":"https:\/\/prim.cz\/en\/","name":"PRIM - origin\u00e1ln\u00ed \u010desk\u00e9 p\u00e1nsk\u00e9, d\u00e1msk\u00e9, d\u011btsk\u00e9 hodinky a hodiny","description":"Nakupujte p\u0159\u00edmo u v\u00fdrobce! Origin\u00e1ln\u00ed eshop s kompletn\u00edm sortimentem \u010desk\u00fdch hodinek PRIM.","alternateName":"prim.cz","potentialAction":[{"@type":"SearchAction","target":{"@type":"EntryPoint","urlTemplate":"https:\/\/prim.cz\/en\/?s={search_term_string}"},"query-input":{"@type":"PropertyValueSpecification","valueRequired":true,"valueName":"search_term_string"}}],"inLanguage":"en-US"}]}},"wpml_current_locale":"cs_CZ","wpml_translations":{"cs_CZ":{"locale":"cs_CZ","translation":"current"},"sk_SK":{"locale":"sk_SK","translation":false},"pl_PL":{"locale":"pl_PL","translation":false},"en_US":{"locale":"en_US","translation":false}},"_links":{"self":[{"href":"https:\/\/prim.cz\/en\/wp-json\/wp\/v2\/aktualita\/28627","targetHints":{"allow":["GET"]}}],"collection":[{"href":"https:\/\/prim.cz\/en\/wp-json\/wp\/v2\/aktualita"}],"about":[{"href":"https:\/\/prim.cz\/en\/wp-json\/wp\/v2\/types\/aktualita"}],"wp:attachment":[{"href":"https:\/\/prim.cz\/en\/wp-json\/wp\/v2\/media?parent=28627"}],"curies":[{"name":"wp","href":"https:\/\/api.w.org\/{rel}","templated":true}]}}

Tomáš Ouředníček – osobnost roku

<p><strong>Tomáš Ouředníček – osobnost roku</strong></p>



<p><strong>Významného ocenění se o uplynulém víkendu dočkal dakarský závodník Tomáš Ouředníček. Z rukou ředitele motoristické výstavy LEGENDY 2019 Lubora Kose převzal prestižní ocenění OSOBNOST ROKU 2019.</strong></p>



<p>Výstava&nbsp;<strong>Legendy</strong>&nbsp;se již pošesté konala v Praze, zahajovací den patřil mimo jiné ocenění nejvýznamnějších exponátů a expozic.&nbsp;<em>„Když mne pořadatelé pozvali na pódium, začínal jsem cosi tušit. A po ocenění nejkrásnějších automobilů a expozic jsem najednou slyšel svoje jméno. Je to nepopsatelná pocta a nádherná odměna za naše velké celoroční nasazení a úspěchy a samozřejmě také velká motivace do dalšího závodění. Děkuji pořadatelům za toto krásné ocenění a za perfektní organizaci unikátní výstavy Legendy,“</em>&nbsp;komentoval slavnostní chvíle překvapený Tomáš Ouředníček.</p>



<p>Tomáš Ouředníček je šestinásobným účastníkem dakarské rally, v letošním ročníku se s Fordem Raptor umístil na sedmnáctém místě mezi automobily. Letošní sezonu již odstartoval opět ve voze Ford Ranger v barvách stáje South Racing CE a spolu se svým navigátorem Davidem Křípalem úspěšně dokončil i druhý největší závod světa Morocco Desert Challenge 2019. Tým již zahájil jednání s partnery o účasti na Rally Dakar 2020 v Saúdské Arábii.</p>



<p>Zdroj:&nbsp;<a href="http://www.tomasourednicek.cz/novinky/tomas-ourednicek-osobnost-roku/" target="_blank" rel="noreferrer noopener">www.tomasourednicek.cz</a></p>



<p></p>



<p></p>



<p></p>

<!-- This site is optimized with the Yoast SEO plugin v26.9 - https://yoast.com/product/yoast-seo-wordpress/ -->
<title>Tomáš Ouředníček – osobnost roku - PRIM.cz - originální české pánské, dámské, dětské hodinky a hodiny</title>
<meta name="robots" content="index, follow, max-snippet:-1, max-image-preview:large, max-video-preview:-1" />
<link rel="canonical" href="https://prim.cz/aktualita/tomas-ourednicek-osobnost-roku/" />
<meta property="og:locale" content="en_US" />
<meta property="og:type" content="article" />
<meta property="og:title" content="Tomáš Ouředníček – osobnost roku - PRIM.cz - originální české pánské, dámské, dětské hodinky a hodiny" />
<meta property="og:description" content="Tomáš Ouředníček – osobnost roku Významného ocenění se o uplynulém víkendu dočkal dakarský závodník Tomáš Ouředníček. Z rukou ředitele motoristické výstavy LEGENDY 2019 Lubora Kose převzal prestižní ocenění OSOBNOST ROKU 2019. Výstava&nbsp;Legendy&nbsp;se již pošesté konala v Praze, zahajovací den patřil mimo jiné ocenění nejvýznamnějších exponátů a expozic.&nbsp;„Když mne pořadatelé pozvali na pódium, začínal jsem cosi [&hellip;]" />
<meta property="og:url" content="https://prim.cz/aktualita/tomas-ourednicek-osobnost-roku/" />
<meta property="og:site_name" content="PRIM.cz - originální české pánské, dámské, dětské hodinky a hodiny" />
<meta property="article:modified_time" content="2025-12-18T13:08:05+00:00" />
<meta name="twitter:card" content="summary_large_image" />
<script type="application/ld+json" class="yoast-schema-graph">{"@context":"https://schema.org","@graph":[{"@type":"WebPage","@id":"https://prim.cz/aktualita/tomas-ourednicek-osobnost-roku/","url":"https://prim.cz/aktualita/tomas-ourednicek-osobnost-roku/","name":"Tomáš Ouředníček – osobnost roku - PRIM.cz - originální české pánské, dámské, dětské hodinky a hodiny","isPartOf":{"@id":"https://prim.cz/en/#website"},"datePublished":"2019-05-21T09:29:00+00:00","dateModified":"2025-12-18T13:08:05+00:00","breadcrumb":{"@id":"https://prim.cz/aktualita/tomas-ourednicek-osobnost-roku/#breadcrumb"},"inLanguage":"en-US","potentialAction":[{"@type":"ReadAction","target":["https://prim.cz/aktualita/tomas-ourednicek-osobnost-roku/"]}]},{"@type":"BreadcrumbList","@id":"https://prim.cz/aktualita/tomas-ourednicek-osobnost-roku/#breadcrumb","itemListElement":[{"@type":"ListItem","position":1,"name":"Domů","item":"https://prim.cz/en/"},{"@type":"ListItem","position":2,"name":"Tomáš Ouředníček – osobnost roku"}]},{"@type":"WebSite","@id":"https://prim.cz/en/#website","url":"https://prim.cz/en/","name":"PRIM - originální české pánské, dámské, dětské hodinky a hodiny","description":"Nakupujte přímo u výrobce! Originální eshop s kompletním sortimentem českých hodinek PRIM.","alternateName":"prim.cz","potentialAction":[{"@type":"SearchAction","target":{"@type":"EntryPoint","urlTemplate":"https://prim.cz/en/?s={search_term_string}"},"query-input":{"@type":"PropertyValueSpecification","valueRequired":true,"valueName":"search_term_string"}}],"inLanguage":"en-US"}]}</script>
<!-- / Yoast SEO plugin. -->

Tomáš Ouředníček – osobnost roku - PRIM.cz - originální české pánské, dámské, dětské hodinky a hodiny

Tomáš Ouředníček – osobnost roku Významného ocenění se o uplynulém víkendu dočkal dakarský závodník Tomáš Ouředníček. Z rukou ředitele motoristické výstavy LEGENDY 2019 Lubora Kose převzal prestižní ocenění OSOBNOST ROKU 2019. Výstava&nbsp;Legendy&nbsp;se již pošesté konala v Praze, zahajovací den patřil mimo jiné ocenění nejvýznamnějších exponátů a expozic.&nbsp;„Když mne pořadatelé pozvali na pódium, začínal jsem cosi [&hellip;]

PRIM.cz - originální české pánské, dámské, dětské hodinky a hodiny

Domů

PRIM - originální české pánské, dámské, dětské hodinky a hodiny

Nakupujte přímo u výrobce! Originální eshop s kompletním sortimentem českých hodinek PRIM.
