{"version":"1.0","provider_name":"PRIM.cz - origin\u00e1ln\u00ed \u010desk\u00e9 p\u00e1nsk\u00e9, d\u00e1msk\u00e9, d\u011btsk\u00e9 hodinky a hodiny","provider_url":"https:\/\/prim.cz\/en\/","author_name":"David Pleva","author_url":"https:\/\/prim.cz\/en\/author\/david_pleva\/","title":"Children's and Youth Olympics 2025 - PRIM.cz - origin\u00e1ln\u00ed \u010desk\u00e9 p\u00e1nsk\u00e9, d\u00e1msk\u00e9, d\u011btsk\u00e9 hodinky a hodiny","type":"rich","width":600,"height":338,"html":"<blockquote class=\"wp-embedded-content\" data-secret=\"VwwwjBqaeS\"><a href=\"https:\/\/prim.cz\/en\/aktualita\/childrens-and-youth-olympics-2025\/\">Children&#8217;s and Youth Olympics 2025<\/a><\/blockquote><iframe sandbox=\"allow-scripts\" security=\"restricted\" src=\"https:\/\/prim.cz\/en\/aktualita\/childrens-and-youth-olympics-2025\/embed\/#?secret=VwwwjBqaeS\" width=\"600\" height=\"338\" title=\"&#8220;Children&#8217;s and Youth Olympics 2025&#8221; &#8212; PRIM.cz - origin\u00e1ln\u00ed \u010desk\u00e9 p\u00e1nsk\u00e9, d\u00e1msk\u00e9, d\u011btsk\u00e9 hodinky a hodiny\" data-secret=\"VwwwjBqaeS\" frameborder=\"0\" marginwidth=\"0\" marginheight=\"0\" scrolling=\"no\" class=\"wp-embedded-content\"><\/iframe><script>\n\/*! This file is auto-generated *\/\n!function(d,l){\"use strict\";l.querySelector&&d.addEventListener&&\"undefined\"!=typeof URL&&(d.wp=d.wp||{},d.wp.receiveEmbedMessage||(d.wp.receiveEmbedMessage=function(e){var t=e.data;if((t||t.secret||t.message||t.value)&&!\/[^a-zA-Z0-9]\/.test(t.secret)){for(var s,r,n,a=l.querySelectorAll('iframe[data-secret=\"'+t.secret+'\"]'),o=l.querySelectorAll('blockquote[data-secret=\"'+t.secret+'\"]'),c=new RegExp(\"^https?:$\",\"i\"),i=0;i<o.length;i++)o[i].style.display=\"none\";for(i=0;i<a.length;i++)s=a[i],e.source===s.contentWindow&&(s.removeAttribute(\"style\"),\"height\"===t.message?(1e3<(r=parseInt(t.value,10))?r=1e3:~~r<200&&(r=200),s.height=r):\"link\"===t.message&&(r=new URL(s.getAttribute(\"src\")),n=new URL(t.value),c.test(n.protocol))&&n.host===r.host&&l.activeElement===s&&(d.top.location.href=t.value))}},d.addEventListener(\"message\",d.wp.receiveEmbedMessage,!1),l.addEventListener(\"DOMContentLoaded\",function(){for(var e,t,s=l.querySelectorAll(\"iframe.wp-embedded-content\"),r=0;r<s.length;r++)(t=(e=s[r]).getAttribute(\"data-secret\"))||(t=Math.random().toString(36).substring(2,12),e.src+=\"#?secret=\"+t,e.setAttribute(\"data-secret\",t)),e.contentWindow.postMessage({message:\"ready\",secret:t},\"*\")},!1)))}(window,document);\n\/\/# sourceURL=https:\/\/prim.cz\/wp-includes\/js\/wp-embed.min.js\n<\/script>\n","description":"This year&#8217;s Children&#8217;s and Youth Olympics is taking place in our hometown of Fr\u00fddek-M\u00edstek. This makes us all the more honoured by our long-standing collaboration with the Czech Olympic Committee, thanks to which we were able to support this Olympics with watches from our collection. We presented watches to gold Olympian Mach\u00e1\u010d, with our President [&hellip;]"}

PRIM.cz - originální české pánské, dámské, dětské hodinky a hodiny

Children's and Youth Olympics 2025 - PRIM.cz - originální české pánské, dámské, dětské hodinky a hodiny

<blockquote class="wp-embedded-content" data-secret="VwwwjBqaeS"><a href="https://prim.cz/en/aktualita/childrens-and-youth-olympics-2025/">Children&#8217;s and Youth Olympics 2025</a></blockquote><iframe sandbox="allow-scripts" security="restricted" src="https://prim.cz/en/aktualita/childrens-and-youth-olympics-2025/embed/#?secret=VwwwjBqaeS" width="600" height="338" title="&#8220;Children&#8217;s and Youth Olympics 2025&#8221; &#8212; PRIM.cz - originální české pánské, dámské, dětské hodinky a hodiny" data-secret="VwwwjBqaeS" frameborder="0" marginwidth="0" marginheight="0" scrolling="no" class="wp-embedded-content"></iframe><script>
/*! This file is auto-generated */
!function(d,l){"use strict";l.querySelector&&d.addEventListener&&"undefined"!=typeof URL&&(d.wp=d.wp||{},d.wp.receiveEmbedMessage||(d.wp.receiveEmbedMessage=function(e){var t=e.data;if((t||t.secret||t.message||t.value)&&!/[^a-zA-Z0-9]/.test(t.secret)){for(var s,r,n,a=l.querySelectorAll('iframe[data-secret="'+t.secret+'"]'),o=l.querySelectorAll('blockquote[data-secret="'+t.secret+'"]'),c=new RegExp("^https?:$","i"),i=0;i<o.length;i++)o[i].style.display="none";for(i=0;i<a.length;i++)s=a[i],e.source===s.contentWindow&&(s.removeAttribute("style"),"height"===t.message?(1e3<(r=parseInt(t.value,10))?r=1e3:~~r<200&&(r=200),s.height=r):"link"===t.message&&(r=new URL(s.getAttribute("src")),n=new URL(t.value),c.test(n.protocol))&&n.host===r.host&&l.activeElement===s&&(d.top.location.href=t.value))}},d.addEventListener("message",d.wp.receiveEmbedMessage,!1),l.addEventListener("DOMContentLoaded",function(){for(var e,t,s=l.querySelectorAll("iframe.wp-embedded-content"),r=0;r<s.length;r++)(t=(e=s[r]).getAttribute("data-secret"))||(t=Math.random().toString(36).substring(2,12),e.src+="#?secret="+t,e.setAttribute("data-secret",t)),e.contentWindow.postMessage({message:"ready",secret:t},"*")},!1)))}(window,document);
//# sourceURL=https://prim.cz/wp-includes/js/wp-embed.min.js
</script>

This year&#8217;s Children&#8217;s and Youth Olympics is taking place in our hometown of Frýdek-Místek. This makes us all the more honoured by our long-standing collaboration with the Czech Olympic Committee, thanks to which we were able to support this Olympics with watches from our collection. We presented watches to gold Olympian Macháč, with our President [&hellip;]
